{"id":84,"date":"2013-09-11T15:51:21","date_gmt":"2013-09-11T15:51:21","guid":{"rendered":"http:\/\/remhu.web-server.hu\/?page_id=84"},"modified":"2026-03-18T13:34:54","modified_gmt":"2026-03-18T13:34:54","slug":"programok","status":"publish","type":"page","link":"https:\/\/rem.hu\/?page_id=84","title":{"rendered":"K\u00f6z\u00f6ss\u00e9gi programok, h\u00edrek"},"content":{"rendered":"<h2 dir=\"auto\" style=\"text-align: center;\"><span style=\"color: #993366;\">H\u00fasv\u00e9ti forgatag<\/span><\/h2>\n<div><\/div>\n<div class=\"wp-block-image\"><a href=\"https:\/\/rem.hu\/wp-content\/uploads\/2026\/03\/74e4e8ff-8832-487e-9707-c190ae6f1da1.jpg\"><img loading=\"lazy\" decoding=\"async\" class=\"size-medium wp-image-5065 aligncenter\" src=\"https:\/\/rem.hu\/wp-content\/uploads\/2026\/03\/74e4e8ff-8832-487e-9707-c190ae6f1da1-212x300.jpg\" alt=\"\" width=\"212\" height=\"300\" srcset=\"https:\/\/rem.hu\/wp-content\/uploads\/2026\/03\/74e4e8ff-8832-487e-9707-c190ae6f1da1-212x300.jpg 212w, https:\/\/rem.hu\/wp-content\/uploads\/2026\/03\/74e4e8ff-8832-487e-9707-c190ae6f1da1-724x1024.jpg 724w, https:\/\/rem.hu\/wp-content\/uploads\/2026\/03\/74e4e8ff-8832-487e-9707-c190ae6f1da1-768x1086.jpg 768w, https:\/\/rem.hu\/wp-content\/uploads\/2026\/03\/74e4e8ff-8832-487e-9707-c190ae6f1da1-1086x1536.jpg 1086w, https:\/\/rem.hu\/wp-content\/uploads\/2026\/03\/74e4e8ff-8832-487e-9707-c190ae6f1da1.jpg 1448w\" sizes=\"(max-width: 212px) 100vw, 212px\" \/><\/a><\/div>\n<div><\/div>\n<h2 style=\"text-align: center;\"><span style=\"color: #993366;\">Ringat\u00f3 foglalkoz\u00e1s<\/span><\/h2>\n<div><\/div>\n<div style=\"text-align: center;\">\n<div class=\"wp-block-image\"><a href=\"https:\/\/rem.hu\/wp-content\/uploads\/2026\/03\/654810268_26165251746462904_5999453841932267844_n.jpg\"><img loading=\"lazy\" decoding=\"async\" class=\"alignnone size-medium wp-image-5067\" src=\"https:\/\/rem.hu\/wp-content\/uploads\/2026\/03\/654810268_26165251746462904_5999453841932267844_n-212x300.jpg\" alt=\"\" width=\"212\" height=\"300\" srcset=\"https:\/\/rem.hu\/wp-content\/uploads\/2026\/03\/654810268_26165251746462904_5999453841932267844_n-212x300.jpg 212w, https:\/\/rem.hu\/wp-content\/uploads\/2026\/03\/654810268_26165251746462904_5999453841932267844_n-724x1024.jpg 724w, https:\/\/rem.hu\/wp-content\/uploads\/2026\/03\/654810268_26165251746462904_5999453841932267844_n-768x1086.jpg 768w, https:\/\/rem.hu\/wp-content\/uploads\/2026\/03\/654810268_26165251746462904_5999453841932267844_n-1086x1536.jpg 1086w, https:\/\/rem.hu\/wp-content\/uploads\/2026\/03\/654810268_26165251746462904_5999453841932267844_n.jpg 1448w\" sizes=\"(max-width: 212px) 100vw, 212px\" \/><\/a><\/div>\n<\/div>\n<h4><\/h4>\n<div class=\"wp-block-image\" style=\"text-align: center;\">\n<p>&nbsp;<\/p>\n<p>&nbsp;<\/p>\n<\/div>\n<div><\/div>\n<div class=\"wp-block-image\" style=\"text-align: center;\">Kedves \u00f6tven \u00f3r\u00e1s di\u00e1kok!<\/div>\n<p style=\"text-align: center;\">T\u00e1j\u00e9koztatunk Benneteket, hogy eg\u00e9sz \u00e9vben lehet\u0151s\u00e9g van az \u00f6tven \u00f3r\u00e1k &#8220;fogyaszt\u00e1s\u00e1ra&#8221;.<br \/>\nJelentkezni lehet: K\u00f6z\u00f6ss\u00e9gi H\u00e1zban<\/p>\n<div class=\"_5pbx userContent _3576\" style=\"text-align: center;\" data-ft=\"{&quot;tn&quot;:&quot;K&quot;}\"><\/div>\n<div class=\"_5pbx userContent _3576\" style=\"text-align: center;\" data-ft=\"{&quot;tn&quot;:&quot;K&quot;}\"><\/div>\n<div class=\"_3x-2\" style=\"text-align: center;\" data-ft=\"{&quot;tn&quot;:&quot;H&quot;}\"><\/div>\n<h2 style=\"text-align: center;\"><\/h2>\n<p>&nbsp;<\/p>\n<p>&nbsp;<\/p>\n<h3 style=\"text-align: center;\"><\/h3>\n<p>&nbsp;<\/p>\n<p>&nbsp;<\/p>\n<p>&nbsp;<\/p>\n<p>&nbsp;<\/p>\n<p>&nbsp;<\/p>\n<p style=\"text-align: center;\"><a href=\"http:\/\/remhu.web-server.hu\/wp-content\/uploads\/2013\/09\/42709537_2695218117369372_4255613726142496768_n.jpg\">\u00a0\u00a0<\/a><\/p>\n<p>&nbsp;<\/p>\n<p style=\"text-align: center;\"><!-- [if !mso]><\/p>\n\n\n\n\n\n<style> v\\:* {behavior:url(#default#VML);} o\\:* {behavior:url(#default#VML);} w\\:* {behavior:url(#default#VML);} .shape {behavior:url(#default#VML);} <\/style>\n\n      <![endif]--><\/p>\n<p style=\"text-align: center;\"><!-- [if gte mso 9]><xml> <w:WordDocument> <w:View>Normal<\/w:View> <w:Zoom>0<\/w:Zoom> <w:HyphenationZone>21<\/w:HyphenationZone> <w:PunctuationKerning\/> <w:ValidateAgainstSchemas\/> <w:SaveIfXMLInvalid>false<\/w:SaveIfXMLInvalid> <w:IgnoreMixedContent>false<\/w:IgnoreMixedContent> <w:AlwaysShowPlaceholderText>false<\/w:AlwaysShowPlaceholderText> <w:Compatibility> <w:BreakWrappedTables\/> <w:SnapToGridInCell\/> <w:WrapTextWithPunct\/> <w:UseAsianBreakRules\/> <w:DontGrowAutofit\/> <\/w:Compatibility> <w:BrowserLevel>MicrosoftInternetExplorer4<\/w:BrowserLevel> <\/w:WordDocument> <\/xml><![endif]--><!-- [if gte mso 9]><xml> <w:LatentStyles DefLockedState=\"false\" LatentStyleCount=\"156\"> <\/w:LatentStyles> <\/xml><![endif]--><!-- [if gte mso 10]><\/p>\n\n\n\n\n\n<style>  \/* Style Definitions *\/  table.MsoNormalTable \t{mso-style-name:\"Norm\u00e1l t\u00e1bl\u00e1zat\"; \tmso-tstyle-rowband-size:0; \tmso-tstyle-colband-size:0; \tmso-style-noshow:yes; \tmso-style-parent:\"\"; \tmso-padding-alt:0cm 5.4pt 0cm 5.4pt; \tmso-para-margin:0cm; \tmso-para-margin-bottom:.0001pt; \tmso-pagination:widow-orphan; \tfont-size:10.0pt; \tfont-family:\"Times New Roman\"; \tmso-ansi-language:#0400; \tmso-fareast-language:#0400; \tmso-bidi-language:#0400;} <\/style>\n\n      <![endif]--><\/p>\n","protected":false},"excerpt":{"rendered":"<p>H\u00fasv\u00e9ti forgatag Ringat\u00f3 foglalkoz\u00e1s &nbsp; &nbsp; Kedves \u00f6tven \u00f3r\u00e1s di\u00e1kok! T\u00e1j\u00e9koztatunk Benneteket, hogy eg\u00e9sz \u00e9vben lehet\u0151s\u00e9g van az \u00f6tven \u00f3r\u00e1k &#8220;fogyaszt\u00e1s\u00e1ra&#8221;. Jelentkezni lehet: K\u00f6z\u00f6ss\u00e9gi H\u00e1zban &nbsp; &nbsp; &nbsp; &nbsp; &nbsp; &nbsp; &nbsp; \u00a0\u00a0 &nbsp;<\/p>\n","protected":false},"author":1,"featured_media":0,"parent":0,"menu_order":5,"comment_status":"open","ping_status":"closed","template":"","meta":{"neve_meta_sidebar":"","neve_meta_container":"","neve_meta_enable_content_width":"off","neve_meta_content_width":100,"neve_meta_title_alignment":"","neve_meta_author_avatar":"","neve_post_elements_order":"","neve_meta_disable_header":"","neve_meta_disable_footer":"","neve_meta_disable_title":"","footnotes":""},"_links":{"self":[{"href":"https:\/\/rem.hu\/index.php?rest_route=\/wp\/v2\/pages\/84"}],"collection":[{"href":"https:\/\/rem.hu\/index.php?rest_route=\/wp\/v2\/pages"}],"about":[{"href":"https:\/\/rem.hu\/index.php?rest_route=\/wp\/v2\/types\/page"}],"author":[{"embeddable":true,"href":"https:\/\/rem.hu\/index.php?rest_route=\/wp\/v2\/users\/1"}],"replies":[{"embeddable":true,"href":"https:\/\/rem.hu\/index.php?rest_route=%2Fwp%2Fv2%2Fcomments&post=84"}],"version-history":[{"count":358,"href":"https:\/\/rem.hu\/index.php?rest_route=\/wp\/v2\/pages\/84\/revisions"}],"predecessor-version":[{"id":3470,"href":"https:\/\/rem.hu\/index.php?rest_route=\/wp\/v2\/pages\/84\/revisions\/3470"}],"wp:attachment":[{"href":"https:\/\/rem.hu\/index.php?rest_route=%2Fwp%2Fv2%2Fmedia&parent=84"}],"curies":[{"name":"wp","href":"https:\/\/api.w.org\/{rel}","templated":true}]}}