{"id":790,"date":"2015-04-09T16:35:15","date_gmt":"2015-04-09T16:35:15","guid":{"rendered":"http:\/\/remhu.web-server.hu\/?page_id=790"},"modified":"2015-04-09T16:37:08","modified_gmt":"2015-04-09T16:37:08","slug":"rem-kozseg","status":"publish","type":"page","link":"https:\/\/rem.hu\/?page_id=790","title":{"rendered":"R\u00e9m k\u00f6zs\u00e9g"},"content":{"rendered":"<p style=\"text-align: center;\"><strong style=\"mso-bidi-font-weight: normal;\"><span style=\"font-size: 14.0pt; font-family: Albertus; mso-bidi-font-family: Arial;\">R\u00c9M K\u00d6ZS\u00c9G R\u00c9GEN \u00c9S MA<\/span><\/strong><\/p>\n<p style=\"text-align: justify;\"><span style=\"font-size: 14.0pt; font-family: Albertus; mso-bidi-font-family: Arial;\">R\u00e9m k\u00f6zs\u00e9g lakoss\u00e1g\u00e1nak sz\u00e1ma 1350 f\u0151, belter\u00fclete 700 ha, k\u00fclter\u00fclete 3293 ha.<\/span><\/p>\n<p style=\"text-align: justify;\"><span style=\"font-size: 14.0pt; font-family: Albertus; mso-bidi-font-family: Arial;\">A k\u00f6zs\u00e9g Baja \u00e9s J\u00e1noshalma k\u00f6z\u00f6tt fekszik, el\u0151bbit\u0151l 23, az ut\u00f3bbit\u00f3l 15 kilom\u00e9terre. A Baj\u00e1r\u00f3l Szegedre tart\u00f3 55-\u00f6s sz\u00e1m\u00fa f\u0151\u00fatr\u00f3l Cs\u00e1volyn\u00e1l le\u00e1gaz\u00f3 \u2013 J\u00e1noshalm\u00e1ra vezet\u0151 \u2013 mell\u00e9k\u00faton k\u00f6zel\u00edthet\u0151 meg. Az eml\u00edtett mell\u00e9k\u00fatr\u00f3l \u00c9NY-ra fordulva, tov\u00e1bbi 3,2 kilom\u00e9ter megt\u00e9tele ut\u00e1n \u00e9rhet\u0151 el.<\/span><\/p>\n<p style=\"text-align: justify;\"><span style=\"font-size: 14.0pt; font-family: Albertus; mso-bidi-font-family: Arial;\">A falut d\u00e9lr\u0151l mez\u0151gazdas\u00e1gi ter\u00fcletek, \u00e9szakr\u00f3l ak\u00e1c- \u00e9s feny\u0151erd\u0151k \u00f6vezik. Jellegzetes term\u00e9szeti k\u00e9pz\u0151dm\u00e9nye az \u00d3lom-hegy, mely 174 m-es magass\u00e1g\u00e1val a B\u00e1cska \u2013 \u00e9s egyben B\u00e1cs-Kiskun megye \u2013 legmagasabb pontja. (A tet\u0151n l\u00e9v\u0151 kil\u00e1t\u00f3r\u00f3l sz\u00e9p panor\u00e1ma ny\u00edlik a k\u00f6rnyez\u0151 vid\u00e9kre.)<br \/>\nHa R\u00e9m m\u00faltja a r\u00e9gi id\u0151ket tekintve r\u00e9szleteiben ismeretlen is m\u00e9g a tudom\u00e1ny el\u0151tt, az biztos, hogy m\u00e1r a bronzkorban emberi lak\u00f3hely\u00fcl szolg\u00e1lt. Err\u0151l vallanak a k\u00f6rny\u00e9kr\u0151l el\u0151ker\u00fclt r\u00e9g\u00e9szeti leletek. R\u00e9m hat\u00e1r\u00e1ban, nyomokban m\u00e9g megtal\u00e1lhat\u00f3k a r\u00f3maiak h\u00edres v\u00e9dvonal\u00e1nak maradv\u00e1nyai. Ezt a n\u00e9p \u00d6rd\u00f6g\u00e1roknak nevezi. Laktak itt avarok is, amikor pedig a magyarok megjelentek az Alf\u00f6ld\u00f6n, a honfoglal\u00e1s idej\u00e9n, az eg\u00e9sz vid\u00e9ket ben\u00e9pes\u00edtett\u00e9k. A k\u00f6zs\u00e9get el\u0151sz\u00f6r 1401-ben eml\u00edtik, a h\u00edres Zr\u00ednyi-okm\u00e1nyban, m\u00e9gpedig R\u00edm, illetve m\u00e1sutt Rym n\u00e9ven. Az ut\u00f3bbi esetben egy hat\u00e1rvit\u00e1val kapcsolatos \u00fcgyben \u00edr az oklev\u00e9l bizonyos Rymi B\u00e1lintr\u00f3l, Bodrog v\u00e1rmegye szolgab\u00edr\u00e1j\u00e1r\u00f3l. A n\u00e9v val\u00f3sz\u00edn\u0171leg a n\u00e9met Rim szem\u00e9lyn\u00e9vb\u0151l sz\u00e1rmazik, melyet k\u00e9s\u0151bb R\u00e9m alakban is haszn\u00e1ltak, \u00e9s bizonyos, hogy semmi k\u00f6ze sincs a nyelv\u00faj\u00edt\u00e1s kor\u00e1ban keletkezett, \u201ek\u00eds\u00e9rtet\u201d jelent\u00e9s\u0171 \u201er\u00e9m\u201d sz\u00f3hoz.<br \/>\nA falu n\u00e9pe mez\u0151gazdas\u00e1ggal \u00e9s \u00e1llatteny\u00e9szt\u00e9ssel foglalkozott, \u00e9s a nyugalmas id\u0151kben sz\u00e9pen gyarapodott. A neh\u00e9z \u00e9vsz\u00e1zadok a D\u00f3zsa-f\u00e9le paraszth\u00e1bor\u00faval kezd\u0151dtek. E t\u00e1jon vesztettek csat\u00e1t a parasztvez\u00e9r seregei, \u00e9s arra lehet k\u00f6vetkeztetni, hogy a k\u00f6vetkez\u0151 \u00e9vekre a falu eln\u00e9ptelenedett. A moh\u00e1csi v\u00e9sz ut\u00e1n, a t\u00f6r\u00f6k h\u00f3dolts\u00e1g idej\u00e9n R\u00e9m a hadak szakadatlan mozg\u00e1s\u00e1nak \u00fatvonal\u00e1ba ker\u00fclt.<span style=\"mso-spacerun: yes;\">\u00a0 <\/span>Heltai N\u00e1ndor tanulm\u00e1nya szerint \u2013 a szerz\u0151 az 1543-as d\u00e9zsmajegyz\u00e9kre utal \u2013 R\u00e9m t\u00f6bb ad\u00f3t fizetett a k\u00f6rnyez\u0151 k\u00f6zs\u00e9gekn\u00e9l. A t\u00f6r\u00f6k defterek (ad\u00f3jegyz\u00e9kek) 1580-ban \u00e1s 1590-ben<span style=\"mso-spacerun: yes;\">\u00a0 <\/span>a falut is feljegyzik, mint a bajai n\u00e1hij\u00e9be (j\u00e1r\u00e1sba) tartoz\u00f3 telep\u00fcl\u00e9st, melynek ekkor 13 h\u00e1za volt. A defterek term\u00e9szetesen nem eml\u00edtik a le nem telep\u00fclt, \u00e1llataival v\u00e1ndorl\u00f3 n\u00e9pess\u00e9get. A t\u00f6r\u00f6k egy\u00e9bk\u00e9nt elt\u0171rte, hogy a r\u00e9gi magyar f\u00f6ldesurak is beszedj\u00e9k az ad\u00f3kat, az egyh\u00e1z pedig a tizedet. A magyar kir\u00e1ly gyakran adom\u00e1nyozott h\u00edveinek a h\u00f3dolts\u00e1g ter\u00fclet\u00e9n birtokot. R\u00e9m p\u00e9ld\u00e1ul az 1600-as \u00e9vek derek\u00e1n a kalocsai \u00e9rsek tulajdon\u00e1ba ker\u00fclt. Az egyh\u00e1zi ad\u00f3 azonban nemhogy n\u00f6vekedett volna, hanem az 1543-as 16 forintr\u00f3l a XVII. sz\u00e1zad v\u00e9g\u00e9re 5 forintra cs\u00f6kkent. Ez a t\u00e9ny a k\u00f6zs\u00e9g lakoss\u00e1g\u00e1nak \u00fajb\u00f3li megfogyatkoz\u00e1s\u00e1r\u00f3l tan\u00faskodik. A t\u00f6r\u00f6k al\u00f3li felszabadul\u00e1s R\u00e9m sz\u00e1m\u00e1ra egy\u00fctt k\u00f6vetkezett be \u00c9szak-B\u00e1cska felszabadul\u00e1s\u00e1val, az 1687-es esztend\u0151ben. Ekkor \u2013 mint a k\u00f6rnyez\u0151 telep\u00fcl\u00e9sek t\u00f6bbs\u00e9g\u00e9be \u2013 d\u00e9lszl\u00e1v telepesek \u00e9rkeztek R\u00e9mre is. A megpr\u00f3b\u00e1ltat\u00e1soknak azonban kor\u00e1ntsem lett v\u00e9ge. A R\u00e1k\u00f3czi-szabads\u00e1gharc sor\u00e1n \u00e9s a k\u00f6zben lezajlott pestisj\u00e1rv\u00e1ny miatt a vid\u00e9k ism\u00e9t eln\u00e9ptelenedett. Az 1720-as \u00f6ssze\u00edr\u00e1s R\u00e9met nem is eml\u00edti. Puszta megnevez\u00e9ssel ker\u00fclt 1727-ben a Czobor csal\u00e1d birtok\u00e1ba, hogy azt\u00e1n a fam\u00edlia utols\u00f3 sarja, az eg\u00e9sz birtokot elpr\u00e9d\u00e1l\u00f3 Czobor J\u00f3zsef elleni perben R\u00e9m puszt\u00e1t is lefoglalj\u00e1k az ad\u00f3ss\u00e1gok fej\u00e9ben. Ezt k\u00f6vet\u0151en egym\u00e1st v\u00e1ltott\u00e1k a birtokosok, de egy sem tudott gazdas\u00e1gilag meggy\u00f6keresedni, \u00edgy R\u00e9m puszta \u00fajra a kamara birtok\u00e1ba ker\u00fclt. Eg\u00e9szen 1750-ig, amikor is M\u00e1ria Ter\u00e9zia kedvelt h\u00edv\u00e9nek, Grassalkovich Antalnak aj\u00e1nd\u00e9kozta. Az \u00faj uras\u00e1g \u00fatilaput k\u00f6t\u00f6tt a b\u00e9rl\u0151k talp\u00e1ra, \u00e9s saj\u00e1t kez\u00e9be vette a gazd\u00e1lkod\u00e1st. Ekkor az \u00e1llatteny\u00e9szt\u00e9s volt a legfontosabb \u00e1gazat, de r\u00f6videsen ism\u00e9t megkezd\u0151d\u00f6tt a gabonatermel\u00e9s. A szinte lakatlan puszt\u00e1ra bek\u00f6lt\u00f6ztek az els\u0151 \u00faj telepesek. Ismerj\u00fck a t\u00f6r\u00f6k ut\u00e1ni id\u0151kben bejegyzett els\u0151 lakos nev\u00e9t is: \u0151 Krisk\u00f3 Veronika volt, aki 1771-ben \u00e9rkezett. M\u00e1sf\u00e9l \u00e9vtized m\u00falt\u00e1n a l\u00e9leksz\u00e1m 85-re, 1828-ban pedig m\u00e1r 169-re n\u00f6vekedett. Ez ut\u00f3bbi esztend\u0151ben 22 h\u00e1zat jegyeztek fel.<br \/>\nA k\u00f6zs\u00e9gi rangot R\u00e9m 1872-ben kapta meg. Ekkor m\u00e9g hozz\u00e1 tartozott k\u00e9t puszta, Borota \u00e9s Dzsida. Az \u00f6sszes ter\u00fclet 21 ezer katasztr\u00e1lis hold volt. A sz\u00e1zadfordul\u00f3n a l\u00e9leksz\u00e1m 1826, a h\u00e1zak sz\u00e1ma 266 volt a faluban. Ismerj\u00fck a nemzetis\u00e9g szerinti \u00f6sszet\u00e9telt is: 1256 magyar, 558 n\u00e9met, 9 szerb \u00e9s 3 egy\u00e9b nemzetis\u00e9g\u0171 lakos \u00e9lt ebben az id\u0151ben R\u00e9men. A sz\u00e1zadfordul\u00f3 esztendej\u00e9ben \u00e9p\u00fclt a r\u00f3mai katolikus templom. Rapcs\u00e1nyi Jakab monogr\u00e1fi\u00e1ja szerint a lakoss\u00e1gnak 1934-ben \u2013 1615 volt ekkor a l\u00e9leksz\u00e1m \u2013 t\u00f6bb mint a fele magyar. Az\u00f3ta teljesen elmagyarosodott, vall\u00e1sos lak\u00f3i, pedig r\u00f3mai katolikusok. A nemzetis\u00e9g egys\u00e9gesed\u00e9s\u00e9ben a f\u0151 \u00e9s szomor\u00fa okot a II. vil\u00e1gh\u00e1bor\u00fa ut\u00e1ni kitelep\u00edt\u00e9s, illetve a m\u00e1lenk\u00edj robot jelentette.<br \/>\nE sz\u00e1zad h\u00faszas \u00e9veiben \u00e9p\u00fclt a ma is haszn\u00e1latos bek\u00f6t\u0151\u00fat, addig \u2013 es\u0151z\u00e9sek idej\u00e9n \u2013 szinte nem lehetett megk\u00f6zel\u00edteni a k\u00f6zs\u00e9get. Fontos esem\u00e9ny volt a villany 1935-ben t\u00f6rt\u00e9nt bevezet\u00e9se. Az ut\u00f3bbi \u00e9vtizedekben a D\u00f3zsa Termel\u0151sz\u00f6vetkezet m\u0171k\u00f6d\u00e9se hat\u00e1rozta meg a k\u00f6zs\u00e9g \u00e9let\u00e9t. A f\u0151 \u00e1gazat az \u00e1llatteny\u00e9szt\u00e9s volt. 1967-ben kezd\u0151d\u00f6tt a falut az orsz\u00e1gos \u00e9rdekl\u0151d\u00e9s homlokter\u00e9be \u00e1ll\u00edt\u00f3 h\u00fashibrid baromfi program. Ennek keret\u00e9ben \u00e9vente csaknem 2 milli\u00f3 csirk\u00e9t hoztak forgalomba.<br \/>\nMost a Baromfi Kft. viszi a legfontosabb szerepet a helyi gazdas\u00e1gban.<br \/>\nA falu d\u00e9li r\u00e9szein, a kiv\u00e1l\u00f3 fekete f\u00f6ldeken nagyr\u00e9szt gabon\u00e1t, \u00e9s az ut\u00f3bbi \u00e9vekben mindink\u00e1bb a munkaig\u00e9nyes z\u00f6lds\u00e9get termesztik. Az \u00e9szaki \u00e9s nyugati dombos, homokos r\u00e9szeken az erd\u0151gazd\u00e1lkod\u00e1s, \u00e9s a gyeng\u00e9bb min\u0151s\u00e9g\u0171 talajjal is megel\u00e9ged\u0151 gabonafajt\u00e1k termeszt\u00e9se a jellemz\u0151.<br \/>\nA k\u00f6zs\u00e9gben a k\u00f6zigazgat\u00e1s helyi szervezete R\u00e9m k\u00f6zs\u00e9g \u00d6nkorm\u00e1nyzata.<br \/>\nAz \u00f6nkorm\u00e1nyzat feladata a k\u00f6zszolg\u00e1ltat\u00e1sok k\u00f6r\u00e9ben: a telep\u00fcl\u00e9sfejleszt\u00e9s, a telep\u00fcl\u00e9srendez\u00e9s, az \u00e9p\u00edtett \u00e9s term\u00e9szeti k\u00f6rnyezet v\u00e9delme, a lak\u00e1sgazd\u00e1lkod\u00e1s, a v\u00edzrendez\u00e9s \u00e9s csapad\u00e9kv\u00edz elvezet\u00e9s, a k\u00f6ztemet\u0151 fenntart\u00e1sa, a helyi k\u00f6zutak \u00e9s k\u00f6zter\u00fcletek fenntart\u00e1sa, a k\u00f6ztisztas\u00e1g, a telep\u00fcl\u00e9stisztas\u00e1g biztos\u00edt\u00e1sa, k\u00f6zbiztons\u00e1g helyi feladatai, az \u00f3vodai, az alapfok\u00fa nevel\u00e9s, oktat\u00e1s biztos\u00edt\u00e1sa, eg\u00e9szs\u00e9g\u00fcgyi \u00e9s szoci\u00e1lis ell\u00e1t\u00e1s, a gyermek \u00e9s ifj\u00fas\u00e1gi feladatok, m\u0171v\u00e9szeti tev\u00e9kenys\u00e9g, a sport t\u00e1mogat\u00e1sa, a nemzeti \u00e9s etnikai kisebbs\u00e9gek jogai \u00e9rv\u00e9nyes\u00edt\u00e9se.<br \/>\n<span style=\"mso-spacerun: yes;\">\u00a0<\/span>A fenti k\u00f6telez\u0151 feladatokon k\u00edv\u00fcl \u00f6nk\u00e9nt v\u00e1llalt feladatokat is v\u00e9gez, k\u00fcl\u00f6nb\u00f6z\u0151 szolg\u00e1ltat\u00e1sokkal \u00e1ll a lakoss\u00e1g rendelkez\u00e9s\u00e9re.<\/span><\/p>\n<p style=\"text-align: justify;\"><strong style=\"mso-bidi-font-weight: normal;\"><em style=\"mso-bidi-font-style: normal;\"><span style=\"font-size: 14.0pt; font-family: Albertus; mso-bidi-font-family: Arial;\">\u00c9rt\u00e9keink<br \/>\nTurisztikai \u00e9rt\u00e9keink:<br \/>\n<\/span><\/em><\/strong><\/p>\n<p style=\"margin: 0cm 0cm 10pt 36pt; text-indent: -18pt; text-align: left;\"><span style=\"font-size: 16.0pt; mso-bidi-font-size: 14.0pt; font-family: 'Times New Roman';\"><span style=\"mso-list: Ignore;\">&#8211;<span style=\"font: 7.0pt 'Times New Roman';\">\u00a0\u00a0\u00a0\u00a0\u00a0\u00a0\u00a0 <\/span><\/span><\/span><span style=\"font-size: 14.0pt; font-family: Albertus; mso-bidi-font-family: Arial;\">\u00d3lomhegyi kil\u00e1t\u00f3<\/span><\/p>\n<p style=\"margin: 0cm 0cm 10pt 36pt; text-indent: -18pt; text-align: left;\"><span style=\"font-size: 16.0pt; mso-bidi-font-size: 14.0pt; font-family: 'Times New Roman';\"><span style=\"mso-list: Ignore;\">&#8211;<span style=\"font: 7.0pt 'Times New Roman';\">\u00a0\u00a0\u00a0\u00a0\u00a0\u00a0\u00a0 <\/span><\/span><\/span><span style=\"font-size: 14.0pt; font-family: Albertus; mso-bidi-font-family: Arial;\">R\u00e9m k\u00f6zs\u00e9get \u00f6vez\u0151 erd\u0151k kit\u0171n\u0151 kir\u00e1ndul\u00f3helyek, esetleges vad\u00e1szati lehet\u0151s\u00e9g<\/span><\/p>\n<p style=\"margin: 0cm 0cm 10pt 36pt; text-indent: -18pt; text-align: left;\"><span style=\"font-size: 16.0pt; mso-bidi-font-size: 14.0pt; font-family: 'Times New Roman';\"><span style=\"mso-list: Ignore;\">&#8211;<span style=\"font: 7.0pt 'Times New Roman';\">\u00a0\u00a0\u00a0\u00a0\u00a0\u00a0\u00a0 <\/span><\/span><\/span><span style=\"font-size: 14.0pt; font-family: Albertus; mso-bidi-font-family: Arial;\">Milleneumi Eml\u00e9kpark \u00e9s j\u00e1tsz\u00f3t\u00e9r<\/span><\/p>\n<p style=\"margin: 0cm 0cm 10pt 36pt; text-indent: -18pt; text-align: left;\"><span style=\"font-size: 16.0pt; mso-bidi-font-size: 14.0pt; font-family: 'Times New Roman';\"><span style=\"mso-list: Ignore;\">&#8211;<span style=\"font: 7.0pt 'Times New Roman';\">\u00a0\u00a0\u00a0\u00a0\u00a0\u00a0\u00a0 <\/span><\/span><\/span><span style=\"font-size: 14.0pt; font-family: Albertus; mso-bidi-font-family: Arial;\">1900-ban \u00e9p\u00fclt R\u00f3zsaf\u0171z\u00e9r Kir\u00e1lyn\u00e9ja R\u00f3mai Katolikus Templom el\u0151tte a Szenth\u00e1roms\u00e1g szoborral<\/span><\/p>\n<p style=\"margin: 0cm 0cm 10pt 36pt; text-indent: -18pt; text-align: left;\"><span style=\"font-size: 16.0pt; mso-bidi-font-size: 14.0pt; font-family: 'Times New Roman';\"><span style=\"mso-list: Ignore;\">&#8211;<span style=\"font: 7.0pt 'Times New Roman';\">\u00a0\u00a0\u00a0\u00a0\u00a0\u00a0\u00a0 <\/span><\/span><\/span><span style=\"font-size: 14.0pt; font-family: Albertus; mso-bidi-font-family: Arial;\">Tan\u00edt\u00f3k F\u00e1ja eml\u00e9khely<\/span><\/p>\n<p style=\"margin: 0cm 0cm 10pt 36pt; text-indent: -18pt; text-align: left;\"><span style=\"font-size: 16.0pt; mso-bidi-font-size: 14.0pt; font-family: 'Times New Roman';\"><span style=\"mso-list: Ignore;\">&#8211;<span style=\"font: 7.0pt 'Times New Roman';\">\u00a0\u00a0\u00a0\u00a0\u00a0\u00a0\u00a0 <\/span><\/span><\/span><span style=\"font-size: 14.0pt; font-family: Albertus; mso-bidi-font-family: Arial;\">Helyt\u00f6rt\u00e9neti gy\u0171jtem\u00e9ny<\/span><\/p>\n<p style=\"margin: 0cm 0cm 10pt 36pt; text-indent: -18pt; text-align: left;\"><span style=\"font-size: 16.0pt; mso-bidi-font-size: 14.0pt; font-family: 'Times New Roman';\"><span style=\"mso-list: Ignore;\">&#8211;<span style=\"font: 7.0pt 'Times New Roman';\">\u00a0\u00a0\u00a0\u00a0\u00a0\u00a0\u00a0 <\/span><\/span><\/span><span style=\"font-size: 14.0pt; font-family: Albertus; mso-bidi-font-family: Arial;\">Turisztikai \u00fatvonal<span style=\"mso-spacerun: yes;\">\u00a0\u00a0<\/span><span style=\"mso-spacerun: yes;\">\u00a0\u00a0<\/span><span style=\"mso-spacerun: yes;\">\u00a0\u00a0<\/span><span style=\"mso-spacerun: yes;\"><br \/>\n<\/span><\/span><\/p>\n<p><strong style=\"mso-bidi-font-weight: normal;\"><span style=\"font-size: 14.0pt; font-family: Albertus; mso-bidi-font-family: Arial;\">Kultur\u00e1lis \u00e9rt\u00e9keink:<\/span><\/strong><\/p>\n<p style=\"margin: 0cm 0cm 10pt 36pt; text-indent: -18pt; text-align: left;\"><span style=\"font-size: 16.0pt; mso-bidi-font-size: 14.0pt; font-family: 'Times New Roman';\"><span style=\"mso-list: Ignore;\">&#8211;<span style=\"font: 7.0pt 'Times New Roman';\">\u00a0\u00a0\u00a0\u00a0\u00a0\u00a0\u00a0 <\/span><\/span><\/span><span style=\"font-size: 14.0pt; font-family: Albertus; mso-bidi-font-family: Arial;\">RIT-MUS Ifj\u00fas\u00e1gi Fesztiv\u00e1l<\/span><\/p>\n<p style=\"margin: 0cm 0cm 10pt 36pt; text-indent: -18pt; text-align: left;\"><span style=\"font-size: 16.0pt; mso-bidi-font-size: 14.0pt; font-family: 'Times New Roman';\"><span style=\"mso-list: Ignore;\">&#8211;<span style=\"font: 7.0pt 'Times New Roman';\">\u00a0\u00a0\u00a0\u00a0\u00a0\u00a0\u00a0 <\/span><\/span><\/span><span style=\"font-size: 14.0pt; font-family: Albertus; mso-bidi-font-family: Arial;\">Kakasfesztiv\u00e1l- falunap<\/span><\/p>\n<p style=\"margin: 0cm 0cm 10pt 36pt; text-indent: -18pt; text-align: left;\"><span style=\"font-size: 16.0pt; mso-bidi-font-size: 14.0pt; font-family: 'Times New Roman';\"><span style=\"mso-list: Ignore;\">&#8211;<span style=\"font: 7.0pt 'Times New Roman';\">\u00a0\u00a0\u00a0\u00a0\u00a0\u00a0\u00a0 <\/span><\/span><\/span><span style=\"font-size: 14.0pt; font-family: Albertus; mso-bidi-font-family: Arial;\">egy\u00e9b, a K\u00f6z\u00f6ss\u00e9gi H\u00e1z \u00e1ltal szervezett rendezv\u00e9nyek, programok<\/span><\/p>\n<p style=\"text-align: left;\"><span style=\"font-size: 14.0pt; font-family: Albertus;\">\u00a0<\/span><\/p>\n","protected":false},"excerpt":{"rendered":"<p>R\u00c9M K\u00d6ZS\u00c9G R\u00c9GEN \u00c9S MA R\u00e9m k\u00f6zs\u00e9g lakoss\u00e1g\u00e1nak sz\u00e1ma 1350 f\u0151, belter\u00fclete 700 ha, k\u00fclter\u00fclete 3293 ha. A k\u00f6zs\u00e9g Baja \u00e9s J\u00e1noshalma k\u00f6z\u00f6tt fekszik, el\u0151bbit\u0151l 23, az ut\u00f3bbit\u00f3l 15 kilom\u00e9terre. A Baj\u00e1r\u00f3l Szegedre tart\u00f3 55-\u00f6s sz\u00e1m\u00fa f\u0151\u00fatr\u00f3l Cs\u00e1volyn\u00e1l le\u00e1gaz\u00f3 \u2013 J\u00e1noshalm\u00e1ra vezet\u0151 \u2013 mell\u00e9k\u00faton k\u00f6zel\u00edthet\u0151 meg. Az eml\u00edtett mell\u00e9k\u00fatr\u00f3l \u00c9NY-ra fordulva, tov\u00e1bbi 3,2 kilom\u00e9ter megt\u00e9tele&hellip;&nbsp;<a href=\"https:\/\/rem.hu\/?page_id=790\" class=\"\" rel=\"bookmark\">Read More &raquo;<span class=\"screen-reader-text\">R\u00e9m k\u00f6zs\u00e9g<\/span><\/a><\/p>\n","protected":false},"author":1,"featured_media":0,"parent":2,"menu_order":2,"comment_status":"open","ping_status":"open","template":"","meta":{"neve_meta_sidebar":"","neve_meta_container":"","neve_meta_enable_content_width":"","neve_meta_content_width":0,"neve_meta_title_alignment":"","neve_meta_author_avatar":"","neve_post_elements_order":"","neve_meta_disable_header":"","neve_meta_disable_footer":"","neve_meta_disable_title":"","footnotes":""},"_links":{"self":[{"href":"https:\/\/rem.hu\/index.php?rest_route=\/wp\/v2\/pages\/790"}],"collection":[{"href":"https:\/\/rem.hu\/index.php?rest_route=\/wp\/v2\/pages"}],"about":[{"href":"https:\/\/rem.hu\/index.php?rest_route=\/wp\/v2\/types\/page"}],"author":[{"embeddable":true,"href":"https:\/\/rem.hu\/index.php?rest_route=\/wp\/v2\/users\/1"}],"replies":[{"embeddable":true,"href":"https:\/\/rem.hu\/index.php?rest_route=%2Fwp%2Fv2%2Fcomments&post=790"}],"version-history":[{"count":2,"href":"https:\/\/rem.hu\/index.php?rest_route=\/wp\/v2\/pages\/790\/revisions"}],"predecessor-version":[{"id":792,"href":"https:\/\/rem.hu\/index.php?rest_route=\/wp\/v2\/pages\/790\/revisions\/792"}],"up":[{"embeddable":true,"href":"https:\/\/rem.hu\/index.php?rest_route=\/wp\/v2\/pages\/2"}],"wp:attachment":[{"href":"https:\/\/rem.hu\/index.php?rest_route=%2Fwp%2Fv2%2Fmedia&parent=790"}],"curies":[{"name":"wp","href":"https:\/\/api.w.org\/{rel}","templated":true}]}}