{"id":500,"date":"2015-03-26T10:43:05","date_gmt":"2015-03-26T10:43:05","guid":{"rendered":"http:\/\/remhu.web-server.hu\/?page_id=500"},"modified":"2026-03-18T13:42:10","modified_gmt":"2026-03-18T13:42:10","slug":"remi-szivarvany-ovoda","status":"publish","type":"page","link":"https:\/\/rem.hu\/?page_id=500","title":{"rendered":"R\u00e9mi Sziv\u00e1rv\u00e1ny \u00d3voda"},"content":{"rendered":"<div class=\"cxmmr5t8 oygrvhab hcukyx3x c1et5uql o9v6fnle ii04i59q\">\n<div dir=\"auto\" style=\"text-align: center;\">\n<div id=\"jsc_c_6v4\" class=\"x1n2onr6\">\n<div class=\"row my-3\">\n<h2><span style=\"color: #3366ff;\">R\u00c9MI SZIV\u00c1RV\u00c1NY \u00d3VODA \u00c9S B\u00d6LCS\u0150DE<\/span><\/h2>\n<\/div>\n<\/div>\n<h2 id=\"jsc_c_6v4\" class=\"x1n2onr6\"><span style=\"color: #ff0000;\">Ny\u00edlt nap!<\/span><\/h2>\n<h4>Minden \u00e9rdekl\u0151d\u0151t, leend\u0151 \u00f3vod\u00e1sokat, b\u00f6lcs\u0151d\u00e9seket \u00e9s sz\u00fcleiket szeretettel v\u00e1rjuk!<\/h4>\n<\/div>\n<div><\/div>\n<\/div>\n<div>\n<div style=\"text-align: center;\">\n<div class=\"wp-block-image\"><a href=\"https:\/\/rem.hu\/wp-content\/uploads\/2026\/03\/649805759_1458908122688457_3789099943455568035_n.jpg\"><img loading=\"lazy\" decoding=\"async\" class=\"alignnone size-medium wp-image-5069\" src=\"https:\/\/rem.hu\/wp-content\/uploads\/2026\/03\/649805759_1458908122688457_3789099943455568035_n-200x300.jpg\" alt=\"\" width=\"200\" height=\"300\" srcset=\"https:\/\/rem.hu\/wp-content\/uploads\/2026\/03\/649805759_1458908122688457_3789099943455568035_n-200x300.jpg 200w, https:\/\/rem.hu\/wp-content\/uploads\/2026\/03\/649805759_1458908122688457_3789099943455568035_n-683x1024.jpg 683w, https:\/\/rem.hu\/wp-content\/uploads\/2026\/03\/649805759_1458908122688457_3789099943455568035_n-768x1152.jpg 768w, https:\/\/rem.hu\/wp-content\/uploads\/2026\/03\/649805759_1458908122688457_3789099943455568035_n.jpg 843w\" sizes=\"(max-width: 200px) 100vw, 200px\" \/><\/a><\/div>\n<div><\/div>\n<\/div>\n<div><\/div>\n<\/div>\n<div>\n<div class=\"xdj266r x14z9mp xat24cr x1lziwak x1vvkbs x126k92a\">\n<h2 dir=\"auto\" style=\"text-align: center;\"><span style=\"color: #ff0000;\">Ki mit tud? <\/span><\/h2>\n<div dir=\"auto\" style=\"text-align: center;\">Igaz\u00e1n sz\u00edvmelenget\u0151, vid\u00e1m hangulat\u00fa d\u00e9lel\u0151tt volt, ahol a gyerekek megmutathatt\u00e1k, mennyi tehets\u00e9g \u00e9s b\u00e1tors\u00e1g rejlik benn\u00fck.<br \/>\nNapr\u00f3l napra k\u00e9sz\u00fcltek lelkesen, \u00e9s ma v\u00e9gre sz\u00ednpadra \u00e1lltak: volt itt p\u00f6rg\u0151s t\u00e1nc, cseng\u0151 hang\u00fa \u00e9nek, \u00e9s meghat\u00f3, \u00fcgyesen elmondott vers is.<br \/>\nEgyt\u0151l egyig fantasztikusak voltak, \u00e9s hatalmas taps j\u00e1rt minden kis fell\u00e9p\u0151nek!<\/div>\n<\/div>\n<div class=\"x14z9mp xat24cr x1lziwak x1vvkbs xtlvy1s x126k92a\">\n<div dir=\"auto\" style=\"text-align: center;\">K\u00fcl\u00f6n szeretn\u00e9nk megk\u00f6sz\u00f6nni Papp Imr\u00e9n\u00e9 polg\u00e1rmester asszonynak az \u00d6nkorm\u00e1nyzati aj\u00e1nd\u00e9kcsomagokat, amelyek nagy \u00f6r\u00f6met szereztek a gyerekeknek \u2013 csillog\u00f3 szemekb\u0151l ma sem volt hi\u00e1ny!<\/div>\n<\/div>\n<div class=\"x14z9mp xat24cr x1lziwak x1vvkbs xtlvy1s x126k92a\">\n<div dir=\"auto\" style=\"text-align: center;\">H\u00e1l\u00e1s k\u00f6sz\u00f6net a R\u00e9mi \u00d6nkorm\u00e1nyzat dolgoz\u00f3inak a kedves vend\u00e9gl\u00e1t\u00e1s\u00e9rt \u00e9s a t\u00e1mogat\u00e1s\u00e9rt, k\u00fcl\u00f6n k\u00f6sz\u00f6net M\u00e9sz\u00e1rosn\u00e9 Ilcsik \u00c1gnesnek a seg\u00edt\u0151k\u00e9szs\u00e9g\u00e9rt \u00e9s a szeretetteljes hozz\u00e1\u00e1ll\u00e1s\u00e9rt.<\/div>\n<\/div>\n<div class=\"x14z9mp xat24cr x1lziwak x1vvkbs xtlvy1s x126k92a\">\n<div dir=\"auto\" style=\"text-align: center;\">J\u00f3 volt egy\u00fctt lenni, egy\u00fctt nevetni, egy\u00fctt szurkolni. Az ilyen alkalmak teszik igaz\u00e1n k\u00fcl\u00f6nlegess\u00e9 az \u00f3vodai \u00e9veket! <span class=\"html-span xexx8yu xyri2b x18d9i69 x1c1uobl x1hl2dhg x16tdsg8 x1vvkbs x3nfvp2 x1j61x8r x1fcty0u xdj266r xat24cr xm2jcoa x1mpyi22 xxymvpz xlup9mm x1kky2od\"><img loading=\"lazy\" decoding=\"async\" class=\"xz74otr x15mokao x1ga7v0g x16uus16 xbiv7yw\" src=\"https:\/\/static.xx.fbcdn.net\/images\/emoji.php\/v9\/t68\/1\/16\/1f495.png\" alt=\"\ud83d\udc95\" width=\"16\" height=\"16\" \/><\/span><\/div>\n<\/div>\n<\/div>\n<div dir=\"auto\"><\/div>\n<div dir=\"auto\"><\/div>\n<div dir=\"auto\" style=\"text-align: center;\">\n<div class=\"wp-block-image\"><a href=\"https:\/\/rem.hu\/wp-content\/uploads\/2026\/03\/641263067_1447317760514160_5571364892754037671_n.jpg\"><img loading=\"lazy\" decoding=\"async\" class=\"alignnone wp-image-5071\" src=\"https:\/\/rem.hu\/wp-content\/uploads\/2026\/03\/641263067_1447317760514160_5571364892754037671_n-300x135.jpg\" alt=\"\" width=\"380\" height=\"171\" srcset=\"https:\/\/rem.hu\/wp-content\/uploads\/2026\/03\/641263067_1447317760514160_5571364892754037671_n-300x135.jpg 300w, https:\/\/rem.hu\/wp-content\/uploads\/2026\/03\/641263067_1447317760514160_5571364892754037671_n-1024x461.jpg 1024w, https:\/\/rem.hu\/wp-content\/uploads\/2026\/03\/641263067_1447317760514160_5571364892754037671_n-768x345.jpg 768w, https:\/\/rem.hu\/wp-content\/uploads\/2026\/03\/641263067_1447317760514160_5571364892754037671_n.jpg 1423w\" sizes=\"(max-width: 380px) 100vw, 380px\" \/><\/a><\/div>\n<\/div>\n<div><\/div>\n<div class=\"cxmmr5t8 oygrvhab hcukyx3x c1et5uql o9v6fnle ii04i59q\">\n<div dir=\"auto\" style=\"text-align: center;\">\n<div id=\"jsc_c_6v4\" class=\"x1n2onr6\">\n<div class=\"row my-3\">\n<div class=\"col-12 py-1\"><a href=\"https:\/\/rem.hu\/wp-content\/uploads\/2021\/11\/H\u00c1ZIREND-2021-22-1.pdf\">H\u00c1ZIREND-2021-22-1.pdf<\/a><\/div>\n<\/div>\n<\/div>\n<\/div>\n<\/div>\n<div class=\"kvgmc6g5 cxmmr5t8 oygrvhab hcukyx3x c1et5uql ii04i59q\">\n<div class=\"\" dir=\"auto\">\n<div id=\"jsc_c_3j42\" class=\"ecm0bbzt hv4rvrfc ihqw7lf3 dati1w0a\" data-ad-comet-preview=\"message\" data-ad-preview=\"message\">\n<div class=\"j83agx80 cbu4d94t ew0dbk1b irj2b8pg\">\n<div class=\"qzhwtbm6 knvmm38d\">\n<div class=\"kvgmc6g5 cxmmr5t8 oygrvhab hcukyx3x c1et5uql ii04i59q\">\n<h4 dir=\"auto\" style=\"text-align: center;\"><a href=\"https:\/\/rem.hu\/wp-content\/uploads\/2021\/11\/SZMSZ-M\u00f3dos\u00edtott-2021.09.01..pdf\">SZMSZ-M\u00f3dos\u00edtott-2021.09.01.pdf<\/a><\/h4>\n<h4 dir=\"auto\" style=\"text-align: center;\"><a href=\"https:\/\/rem.hu\/wp-content\/uploads\/2022\/06\/HELYI-PEDAG\u00d3GIAI-PROGRAM-m\u00f3dos\u00edtott-2021.-09.01.-1.pdf\">HELYI-PEDAG\u00d3GIAI-PROGRAM<\/a><\/h4>\n<\/div>\n<\/div>\n<\/div>\n<\/div>\n<\/div>\n<\/div>\n<div dir=\"auto\"><\/div>\n<h5 style=\"text-align: center;\">\u00d3vod\u00e1nk a k\u00f6vetkez\u0151 linkre kattintva a facebook k\u00f6z\u00f6ss\u00e9gi oldalon el\u00e9rhet\u0151:<\/h5>\n<h5 style=\"text-align: center;\"><a href=\"http:\/\/www.facebook.com\/R%C3%A9mi-Sziv%C3%A1rv%C3%A1ny-Napk%C3%B6zi-Otthonos-%C3%93voda-604554739747090\">www.facebook.com<\/a><\/h5>\n","protected":false},"excerpt":{"rendered":"<p>R\u00c9MI SZIV\u00c1RV\u00c1NY \u00d3VODA \u00c9S B\u00d6LCS\u0150DE Ny\u00edlt nap! Minden \u00e9rdekl\u0151d\u0151t, leend\u0151 \u00f3vod\u00e1sokat, b\u00f6lcs\u0151d\u00e9seket \u00e9s sz\u00fcleiket szeretettel v\u00e1rjuk! Ki mit tud? Igaz\u00e1n sz\u00edvmelenget\u0151, vid\u00e1m hangulat\u00fa d\u00e9lel\u0151tt volt, ahol a gyerekek megmutathatt\u00e1k, mennyi tehets\u00e9g \u00e9s b\u00e1tors\u00e1g rejlik benn\u00fck. Napr\u00f3l napra k\u00e9sz\u00fcltek lelkesen, \u00e9s ma v\u00e9gre sz\u00ednpadra \u00e1lltak: volt itt p\u00f6rg\u0151s t\u00e1nc, cseng\u0151 hang\u00fa \u00e9nek, \u00e9s meghat\u00f3, \u00fcgyesen elmondott&hellip;&nbsp;<a href=\"https:\/\/rem.hu\/?page_id=500\" class=\"\" rel=\"bookmark\">Read More &raquo;<span class=\"screen-reader-text\">R\u00e9mi Sziv\u00e1rv\u00e1ny \u00d3voda<\/span><\/a><\/p>\n","protected":false},"author":1,"featured_media":0,"parent":0,"menu_order":12,"comment_status":"open","ping_status":"open","template":"","meta":{"neve_meta_sidebar":"","neve_meta_container":"","neve_meta_enable_content_width":"off","neve_meta_content_width":100,"neve_meta_title_alignment":"","neve_meta_author_avatar":"","neve_post_elements_order":"","neve_meta_disable_header":"","neve_meta_disable_footer":"","neve_meta_disable_title":"","footnotes":""},"_links":{"self":[{"href":"https:\/\/rem.hu\/index.php?rest_route=\/wp\/v2\/pages\/500"}],"collection":[{"href":"https:\/\/rem.hu\/index.php?rest_route=\/wp\/v2\/pages"}],"about":[{"href":"https:\/\/rem.hu\/index.php?rest_route=\/wp\/v2\/types\/page"}],"author":[{"embeddable":true,"href":"https:\/\/rem.hu\/index.php?rest_route=\/wp\/v2\/users\/1"}],"replies":[{"embeddable":true,"href":"https:\/\/rem.hu\/index.php?rest_route=%2Fwp%2Fv2%2Fcomments&post=500"}],"version-history":[{"count":182,"href":"https:\/\/rem.hu\/index.php?rest_route=\/wp\/v2\/pages\/500\/revisions"}],"predecessor-version":[{"id":5073,"href":"https:\/\/rem.hu\/index.php?rest_route=\/wp\/v2\/pages\/500\/revisions\/5073"}],"wp:attachment":[{"href":"https:\/\/rem.hu\/index.php?rest_route=%2Fwp%2Fv2%2Fmedia&parent=500"}],"curies":[{"name":"wp","href":"https:\/\/api.w.org\/{rel}","templated":true}]}}