{"id":452,"date":"2015-03-19T11:53:40","date_gmt":"2015-03-19T11:53:40","guid":{"rendered":"http:\/\/remhu.web-server.hu\/?page_id=452"},"modified":"2020-05-06T09:25:08","modified_gmt":"2020-05-06T09:25:08","slug":"remus-alapitvany","status":"publish","type":"page","link":"https:\/\/rem.hu\/?page_id=452","title":{"rendered":"Civil szervezetek"},"content":{"rendered":"<h4 align=\"center\"><span style=\"color: #ff0000;\">Ad\u00f3juk 1 %-val t\u00e1mogass\u00e1k a r\u00e9mi civil szervezeteket!<\/span><br \/>\n<span style=\"color: #ff0000;\">K\u00f6sz\u00f6nj\u00fck!<\/span><\/h4>\n<h4 align=\"center\"><b>R\u00c9MUS ALAP\u00cdTV\u00c1NY R\u00c9M<\/b><\/h4>\n<p align=\"center\">Ad\u00f3sz\u00e1m: 18348189-1-03<br \/>\nSz\u00e1mlasz\u00e1m: 51100029-10000757<\/p>\n<p align=\"center\">\u00a0Ba Eszter Bogl\u00e1rka eln\u00f6k<b><br \/>\n<\/b><\/p>\n<p align=\"center\"><a href=\"http:\/\/remhu.web-server.hu\/wp-content\/uploads\/2015\/03\/index.jpg\"><img loading=\"lazy\" decoding=\"async\" class=\"alignnone wp-image-453\" src=\"http:\/\/remhu.web-server.hu\/wp-content\/uploads\/2015\/03\/index.jpg\" alt=\"index\" width=\"87\" height=\"98\" \/><\/a><\/p>\n<h4 align=\"center\">R\u00e9mi Szabadid\u0151 \u00e9s Sportegyes\u00fclet<\/h4>\n<p align=\"center\">Ad\u00f3sz\u00e1m: 18354469-1-03<br \/>\nSz\u00e1mlasz\u00e1m: 51100029-10001806<\/p>\n<p align=\"center\">Dud\u00e1s L\u00e1szl\u00f3 eln\u00f6k<\/p>\n<p align=\"center\"><a href=\"http:\/\/remhu.web-server.hu\/wp-content\/uploads\/2015\/03\/foci.jpg\"><img loading=\"lazy\" decoding=\"async\" class=\"alignnone wp-image-3082\" src=\"http:\/\/remhu.web-server.hu\/wp-content\/uploads\/2015\/03\/foci-300x156.jpg\" alt=\"\" width=\"115\" height=\"60\" srcset=\"https:\/\/rem.hu\/wp-content\/uploads\/2015\/03\/foci-300x156.jpg 300w, https:\/\/rem.hu\/wp-content\/uploads\/2015\/03\/foci.jpg 311w\" sizes=\"(max-width: 115px) 100vw, 115px\" \/><\/a><\/p>\n<h4 align=\"center\"><span style=\"color: #339966;\">Civil szervezetek<\/span><\/h4>\n<p style=\"text-align: center;\"><strong>Fiatal Feln\u0151ttek Egyes\u00fclete<\/strong><br \/>\nR\u00e9m<br \/>\nKatus Menyh\u00e9rt eln\u00f6k<\/p>\n<p style=\"text-align: center;\"><strong>R\u00c9M- \u00dcT\u0150S Egyes\u00fclet<\/strong><br \/>\nR\u00e9m<br \/>\nSchauern\u00e9 Katona Ilona eln\u00f6k<\/p>\n<h4 style=\"text-align: center;\"><span style=\"color: #0000ff;\">\u00d6nszervez\u0151d\u0151 k\u00f6z\u00f6ss\u00e9gek<\/span><\/h4>\n<p style=\"text-align: center;\"><strong>R\u00e9mi Nyugd\u00edjas Klub<\/strong><br \/>\nK\u00fcrt\u00f6sn\u00e9 Vet\u0151 Zsuzsanna vezet\u0151<\/p>\n<p style=\"text-align: center;\"><strong>R\u00e9mi Gy\u00f6ngyvir\u00e1g N\u00e9pdalk\u00f6r Citerak\u00eds\u00e9rettel<\/strong><br \/>\nNagy J\u00f3zsefn\u00e9 vezet\u0151<\/p>\n<p align=\"center\">\n","protected":false},"excerpt":{"rendered":"<p>Ad\u00f3juk 1 %-val t\u00e1mogass\u00e1k a r\u00e9mi civil szervezeteket! K\u00f6sz\u00f6nj\u00fck! R\u00c9MUS ALAP\u00cdTV\u00c1NY R\u00c9M Ad\u00f3sz\u00e1m: 18348189-1-03 Sz\u00e1mlasz\u00e1m: 51100029-10000757 \u00a0Ba Eszter Bogl\u00e1rka eln\u00f6k R\u00e9mi Szabadid\u0151 \u00e9s Sportegyes\u00fclet Ad\u00f3sz\u00e1m: 18354469-1-03 Sz\u00e1mlasz\u00e1m: 51100029-10001806 Dud\u00e1s L\u00e1szl\u00f3 eln\u00f6k Civil szervezetek Fiatal Feln\u0151ttek Egyes\u00fclete R\u00e9m Katus Menyh\u00e9rt eln\u00f6k R\u00c9M- \u00dcT\u0150S Egyes\u00fclet R\u00e9m Schauern\u00e9 Katona Ilona eln\u00f6k \u00d6nszervez\u0151d\u0151 k\u00f6z\u00f6ss\u00e9gek R\u00e9mi Nyugd\u00edjas Klub K\u00fcrt\u00f6sn\u00e9 Vet\u0151&hellip;&nbsp;<a href=\"https:\/\/rem.hu\/?page_id=452\" class=\"\" rel=\"bookmark\">Read More &raquo;<span class=\"screen-reader-text\">Civil szervezetek<\/span><\/a><\/p>\n","protected":false},"author":1,"featured_media":0,"parent":0,"menu_order":2147483647,"comment_status":"open","ping_status":"open","template":"","meta":{"neve_meta_sidebar":"","neve_meta_container":"","neve_meta_enable_content_width":"","neve_meta_content_width":0,"neve_meta_title_alignment":"","neve_meta_author_avatar":"","neve_post_elements_order":"","neve_meta_disable_header":"","neve_meta_disable_footer":"","neve_meta_disable_title":"","footnotes":""},"_links":{"self":[{"href":"https:\/\/rem.hu\/index.php?rest_route=\/wp\/v2\/pages\/452"}],"collection":[{"href":"https:\/\/rem.hu\/index.php?rest_route=\/wp\/v2\/pages"}],"about":[{"href":"https:\/\/rem.hu\/index.php?rest_route=\/wp\/v2\/types\/page"}],"author":[{"embeddable":true,"href":"https:\/\/rem.hu\/index.php?rest_route=\/wp\/v2\/users\/1"}],"replies":[{"embeddable":true,"href":"https:\/\/rem.hu\/index.php?rest_route=%2Fwp%2Fv2%2Fcomments&post=452"}],"version-history":[{"count":32,"href":"https:\/\/rem.hu\/index.php?rest_route=\/wp\/v2\/pages\/452\/revisions"}],"predecessor-version":[{"id":1345,"href":"https:\/\/rem.hu\/index.php?rest_route=\/wp\/v2\/pages\/452\/revisions\/1345"}],"wp:attachment":[{"href":"https:\/\/rem.hu\/index.php?rest_route=%2Fwp%2Fv2%2Fmedia&parent=452"}],"curies":[{"name":"wp","href":"https:\/\/api.w.org\/{rel}","templated":true}]}}