{"id":4081,"date":"2022-10-20T08:55:53","date_gmt":"2022-10-20T08:55:53","guid":{"rendered":"https:\/\/rem.hu\/?page_id=4081"},"modified":"2022-10-20T09:20:59","modified_gmt":"2022-10-20T09:20:59","slug":"2021-2","status":"publish","type":"page","link":"https:\/\/rem.hu\/?page_id=4081","title":{"rendered":"2021"},"content":{"rendered":"<h1 style=\"text-align: center;\"><strong>Magyar Falu Program <\/strong><\/h1>\n<h1 style=\"text-align: center;\"><strong>2021<\/strong><\/h1>\n<p>&nbsp;<\/p>\n<p>&nbsp;<\/p>\n<p style=\"text-align: center;\"><a href=\"http:\/\/rem.hu\/?page_id=4036\">Felel\u0151s \u00e1llattart\u00e1s el\u0151seg\u00edt\u00e9se<\/a><\/p>\n<p style=\"text-align: center;\"><a href=\"http:\/\/rem.hu\/?page_id=4088\">Kakasfesztiv\u00e1l<\/a><\/p>\n<p style=\"text-align: center;\"><a href=\"http:\/\/rem.hu\/?page_id=4090\">Kommun\u00e1lis eszk\u00f6z beszerz\u00e9se<\/a><\/p>\n<p style=\"text-align: center;\"><a href=\"http:\/\/rem.hu\/?page_id=4092\"> K\u00f6z\u00f6ss\u00e9gszervez\u00e9shez kapcsol\u00f3d\u00f3 eszk\u00f6zbeszerz\u00e9s \u00e9s k\u00f6z\u00f6ss\u00e9gszervez\u0151 b\u00e9rt\u00e1mogat\u00e1sa<\/a><\/p>\n<p style=\"text-align: center;\"><a href=\"http:\/\/rem.hu\/?page_id=4094\">\u00d3vodai j\u00e1tsz\u00f3udvar \u00e9s k\u00f6zter\u00fcleti j\u00e1tsz\u00f3t\u00e9r fejleszt\u00e9se<\/a><\/p>\n<p style=\"text-align: center;\"><a href=\"http:\/\/rem.hu\/?page_id=4096\">\u00d6nkorm\u00e1nyzati J\u00e1rda\u00e9p\u00edt\u00e9sfel\u00faj\u00edt\u00e1s anyagt\u00e1mogat\u00e1sa<\/a><\/p>\n<p>&nbsp;<\/p>\n<p>&nbsp;<\/p>\n<p>&nbsp;<\/p>\n<p style=\"text-align: center;\"><a href=\"http:\/\/rem.hu\/?page_id=3092\">Vissza a(z) Magyar Falu Program p\u00e1ly\u00e1zathoz<\/a><\/p>\n","protected":false},"excerpt":{"rendered":"<p>Magyar Falu Program 2021 &nbsp; &nbsp; Felel\u0151s \u00e1llattart\u00e1s el\u0151seg\u00edt\u00e9se Kakasfesztiv\u00e1l Kommun\u00e1lis eszk\u00f6z beszerz\u00e9se K\u00f6z\u00f6ss\u00e9gszervez\u00e9shez kapcsol\u00f3d\u00f3 eszk\u00f6zbeszerz\u00e9s \u00e9s k\u00f6z\u00f6ss\u00e9gszervez\u0151 b\u00e9rt\u00e1mogat\u00e1sa \u00d3vodai j\u00e1tsz\u00f3udvar \u00e9s k\u00f6zter\u00fcleti j\u00e1tsz\u00f3t\u00e9r fejleszt\u00e9se \u00d6nkorm\u00e1nyzati J\u00e1rda\u00e9p\u00edt\u00e9sfel\u00faj\u00edt\u00e1s anyagt\u00e1mogat\u00e1sa &nbsp; &nbsp; &nbsp; Vissza a(z) Magyar Falu Program p\u00e1ly\u00e1zathoz<\/p>\n","protected":false},"author":1,"featured_media":0,"parent":3092,"menu_order":3,"comment_status":"closed","ping_status":"closed","template":"","meta":{"neve_meta_sidebar":"","neve_meta_container":"","neve_meta_enable_content_width":"off","neve_meta_content_width":0,"neve_meta_title_alignment":"","neve_meta_author_avatar":"","neve_post_elements_order":"","neve_meta_disable_header":"","neve_meta_disable_footer":"","neve_meta_disable_title":"","footnotes":""},"_links":{"self":[{"href":"https:\/\/rem.hu\/index.php?rest_route=\/wp\/v2\/pages\/4081"}],"collection":[{"href":"https:\/\/rem.hu\/index.php?rest_route=\/wp\/v2\/pages"}],"about":[{"href":"https:\/\/rem.hu\/index.php?rest_route=\/wp\/v2\/types\/page"}],"author":[{"embeddable":true,"href":"https:\/\/rem.hu\/index.php?rest_route=\/wp\/v2\/users\/1"}],"replies":[{"embeddable":true,"href":"https:\/\/rem.hu\/index.php?rest_route=%2Fwp%2Fv2%2Fcomments&post=4081"}],"version-history":[{"count":4,"href":"https:\/\/rem.hu\/index.php?rest_route=\/wp\/v2\/pages\/4081\/revisions"}],"predecessor-version":[{"id":4128,"href":"https:\/\/rem.hu\/index.php?rest_route=\/wp\/v2\/pages\/4081\/revisions\/4128"}],"up":[{"embeddable":true,"href":"https:\/\/rem.hu\/index.php?rest_route=\/wp\/v2\/pages\/3092"}],"wp:attachment":[{"href":"https:\/\/rem.hu\/index.php?rest_route=%2Fwp%2Fv2%2Fmedia&parent=4081"}],"curies":[{"name":"wp","href":"https:\/\/api.w.org\/{rel}","templated":true}]}}