{"id":3899,"date":"2021-11-02T08:54:25","date_gmt":"2021-11-02T08:54:25","guid":{"rendered":"https:\/\/rem.hu\/?page_id=3899"},"modified":"2025-10-30T09:32:49","modified_gmt":"2025-10-30T09:32:49","slug":"valasztas-2021","status":"publish","type":"page","link":"https:\/\/rem.hu\/?page_id=3899","title":{"rendered":"TOP+ p\u00e1ly\u00e1zat Minib\u00f6lcs\u0151de l\u00e9trehoz\u00e1sa R\u00e9men"},"content":{"rendered":"<h3><img loading=\"lazy\" decoding=\"async\" class=\"\" src=\"https:\/\/palyazatmenedzser.hu\/wp-content\/uploads\/2022\/10\/Szechenyi-Terv-Plusz.webp\" alt=\"Sz\u00e9chenyi Terv Plusz p\u00e1ly\u00e1zatok - P\u00e1ly\u00e1zatMenedzser\" width=\"391\" height=\"117\" \/><\/h3>\n<h2 class=\"dashboard-developments-project-page__article__title\" style=\"text-align: center;\">Mini b\u00f6lcs\u0151de l\u00e9trehoz\u00e1sa R\u00e9men<\/h2>\n<div class=\"dashboard-developments-project-page__article__details\">\n<div class=\"dashboard-developments-project-page__article__details__item\">\n<p class=\"dashboard-developments-project-page__article__details__item__key\">Projektazonos\u00edt\u00f3: <strong class=\"dashboard-developments-project-page__article__details__item__value\">TOP_PLUSZ-3.3.1-21-BK1-2022-00026<\/strong><\/p>\n<\/div>\n<div class=\"dashboard-developments-project-page__article__details__item\">\n<p class=\"dashboard-developments-project-page__article__details__item__key\">Kedvezm\u00e9nyezett: <strong class=\"dashboard-developments-project-page__article__details__item__value\">R\u00e9m K\u00f6zs\u00e9g \u00d6nkorm\u00e1nyzata<\/strong><\/p>\n<\/div>\n<div class=\"dashboard-developments-project-page__article__details__item\">\n<p class=\"dashboard-developments-project-page__article__details__item__key\">Telep\u00fcl\u00e9s: <strong class=\"dashboard-developments-project-page__article__details__item__value\">R\u00e9m<\/strong><\/p>\n<\/div>\n<div class=\"dashboard-developments-project-page__article__details__item\">\n<p class=\"dashboard-developments-project-page__article__details__item__key\">Forr\u00e1s: <strong class=\"dashboard-developments-project-page__article__details__item__value\">ERFA<\/strong><\/p>\n<\/div>\n<div class=\"dashboard-developments-project-page__article__details__item\">\n<p class=\"dashboard-developments-project-page__article__details__item__key\">Program: <strong class=\"dashboard-developments-project-page__article__details__item__value\">TOP plusz<\/strong><\/p>\n<\/div>\n<div class=\"dashboard-developments-project-page__article__details__item\">\n<p class=\"dashboard-developments-project-page__article__details__item__key\">T\u00e1mogat\u00e1si ar\u00e1ny: <strong class=\"dashboard-developments-project-page__article__details__item__value\">100%<\/strong><\/p>\n<\/div>\n<div class=\"dashboard-developments-project-page__article__details__item\">\n<p class=\"dashboard-developments-project-page__article__details__item__key\">T\u00e1mogat\u00e1si \u00f6sszeg: <strong class=\"dashboard-developments-project-page__article__details__item__value\">71 000 000 Ft<\/strong><\/p>\n<\/div>\n<div class=\"dashboard-developments-project-page__article__details__item\">\n<p class=\"dashboard-developments-project-page__article__details__item__key\">Megval\u00f3s\u00edt\u00e1s kezdete \u00e9s v\u00e9ge: <strong class=\"dashboard-developments-project-page__article__details__item__value\">2023. 02. 15. &#8211; 2023. 12. 31.<\/strong><\/p>\n<\/div>\n<div class=\"dashboard-developments-project-page__article__details__item\">\n<p class=\"dashboard-developments-project-page__article__details__item__key\">St\u00e1tusz: <strong class=\"dashboard-developments-project-page__article__details__item__value\">Folyamatban<\/strong><\/p>\n<\/div>\n<\/div>\n<p><a href=\"https:\/\/rem.hu\/wp-content\/uploads\/2023\/06\/HfMjPm0BkqzhlMP6rAczW6iBOotvlK-metaUsOpbV9UUDMzMTAwMDI2X3TDoWJsYV93ZWIuanBn--scaled.jpg\"><img loading=\"lazy\" decoding=\"async\" class=\"alignleft wp-image-4430 size-full\" src=\"https:\/\/rem.hu\/wp-content\/uploads\/2023\/06\/HfMjPm0BkqzhlMP6rAczW6iBOotvlK-metaUsOpbV9UUDMzMTAwMDI2X3TDoWJsYV93ZWIuanBn--scaled.jpg\" alt=\"\" width=\"2560\" height=\"1850\" srcset=\"https:\/\/rem.hu\/wp-content\/uploads\/2023\/06\/HfMjPm0BkqzhlMP6rAczW6iBOotvlK-metaUsOpbV9UUDMzMTAwMDI2X3TDoWJsYV93ZWIuanBn--scaled.jpg 2560w, https:\/\/rem.hu\/wp-content\/uploads\/2023\/06\/HfMjPm0BkqzhlMP6rAczW6iBOotvlK-metaUsOpbV9UUDMzMTAwMDI2X3TDoWJsYV93ZWIuanBn--300x217.jpg 300w, https:\/\/rem.hu\/wp-content\/uploads\/2023\/06\/HfMjPm0BkqzhlMP6rAczW6iBOotvlK-metaUsOpbV9UUDMzMTAwMDI2X3TDoWJsYV93ZWIuanBn--1024x740.jpg 1024w, https:\/\/rem.hu\/wp-content\/uploads\/2023\/06\/HfMjPm0BkqzhlMP6rAczW6iBOotvlK-metaUsOpbV9UUDMzMTAwMDI2X3TDoWJsYV93ZWIuanBn--768x555.jpg 768w, https:\/\/rem.hu\/wp-content\/uploads\/2023\/06\/HfMjPm0BkqzhlMP6rAczW6iBOotvlK-metaUsOpbV9UUDMzMTAwMDI2X3TDoWJsYV93ZWIuanBn--1536x1110.jpg 1536w, https:\/\/rem.hu\/wp-content\/uploads\/2023\/06\/HfMjPm0BkqzhlMP6rAczW6iBOotvlK-metaUsOpbV9UUDMzMTAwMDI2X3TDoWJsYV93ZWIuanBn--2048x1480.jpg 2048w\" sizes=\"(max-width: 2560px) 100vw, 2560px\" \/><\/a><\/p>\n<p><strong>R\u00e9m K\u00f6zs\u00e9g \u00d6nkorm\u00e1nyzata p\u00e1ly\u00e1zatot ny\u00fajtott be a Ter\u00fclet- \u00e9s Telep\u00fcl\u00e9sfejleszt\u00e9si Operat\u00edv Program Plusz, TOP_PLUSZ-3.3.1-21 Gyermeknevel\u00e9st t\u00e1mogat\u00f3 hum\u00e1n infrastrukt\u00fara fejleszt\u00e9se elnevez\u00e9s\u0171 felh\u00edv\u00e1sra \u201eMini b\u00f6lcs\u0151de l\u00e9trehoz\u00e1sa R\u00e9men\u201d c\u00edmmel (projekt azonos\u00edt\u00f3sz\u00e1ma: TOP_PLUSZ-3.3.1-21-BK1-2022-00026). A projekt keret\u00e9ben 71,00 milli\u00f3 Forint vissza nem t\u00e9r\u00edtend\u0151 Eur\u00f3pai Uni\u00f3s forr\u00e1sb\u00f3l Minib\u00f6lcs\u0151de \u00e9p\u00fclt a telep\u00fcl\u00e9sen.\u00a0<\/strong><\/p>\n<p>A \u201eMini b\u00f6lcs\u0151de l\u00e9trehoz\u00e1sa R\u00e9men\u201d c\u00edm\u0171 p\u00e1ly\u00e1zat keret\u00e9ben R\u00e9m K\u00f6zs\u00e9g \u00d6nkorm\u00e1nyzata (https:\/\/rem.hu\/) egy \u00faj, a mai kornak megfelel\u0151 gyermeknevel\u00e9si int\u00e9zm\u00e9nyt hozott l\u00e9tre.<\/p>\n<p>A beruh\u00e1z\u00e1s c\u00e9lcsoportja k\u00f6zvetlen\u00fcl a 0-3 \u00e9ves kor\u00fa kisgyermekek, illetve azok a csal\u00e1dok, \u00e9desany\u00e1k, ahol ilyen kor\u00fa kisgyermek b\u00f6lcs\u0151dei elhelyez\u00e9se indokoltt\u00e1 v\u00e1lik.<\/p>\n<p>A telep\u00fcl\u00e9s nem rendelkezett b\u00f6lcs\u0151d\u00e9vel.<\/p>\n<p>A fejleszt\u00e9s sor\u00e1n, a 6446 R\u00e9m, M\u00e1jus 1. u. 17. sz\u00e1m Hrsz. 201\/3. sz\u00e1m alatt tal\u00e1lhat\u00f3 a Polg\u00e1rmester Hivatal, amelynek teljesen elk\u00fcl\u00f6n\u00edtett, k\u00fcl\u00f6n bej\u00e1rral \u00e9s udvarral rendelkez\u0151 haszn\u00e1laton k\u00edv\u00fcli \u00e9p\u00fcletr\u00e9sze ker\u00fclt \u00e1talak\u00edt\u00e1sra b\u00f6lcs\u0151dei int\u00e9zm\u00e9nny\u00e9. A megl\u00e9v\u0151 \u00e9p\u00fcletr\u00e9sz bels\u0151 \u00e1talak\u00edt\u00e1s\u00e1val, fel\u00faj\u00edt\u00e1s\u00e1val, a hivatalb\u00f3l egy haszn\u00e1laton k\u00edv\u00fcli irodahelyis\u00e9g \u00e1tad\u00e1s\u00e1val \u00e9s annak teljes lev\u00e1laszt\u00e1s\u00e1val, az \u00e9p\u00fcletg\u00e9p\u00e9szeti \u00e9s elektromos rendszer ki\u00e9p\u00edt\u00e9s\u00e9vel, a hozz\u00e1 kapcsol\u00f3d\u00f3 udvarr\u00e9sz \u00e9s mell\u00e9k\u00e9p\u00fclet meg\u00faj\u00edt\u00e1s\u00e1val ker\u00fclt sor az \u00faj minib\u00f6lcs\u0151de l\u00e9trehoz\u00e1s\u00e1ra.<\/p>\n<p>A projekt megval\u00f3s\u00edt\u00e1si helysz\u00edne: 6446 R\u00e9m, M\u00e1jus 1. u. 17. sz\u00e1m Hrsz. 201\/3<\/p>\n<p>A projekt befejez\u00e9s\u00e9nek ideje: 2023. december 31.<\/p>\n<p>A projekt a Sz\u00e9chenyi Terv Plusz program keret\u00e9ben val\u00f3sul meg.<\/p>\n<p>&nbsp;<\/p>\n<p>&nbsp;<\/p>\n<p style=\"text-align: center;\"><a href=\"http:\/\/rem.hu\/?page_id=4419\">Vissza a(z) Top+ Program p\u00e1ly\u00e1zathoz<\/a><\/p>\n<p>&nbsp;<\/p>\n<div class=\"wp-block-image\">\n<p><a href=\"https:\/\/rem.hu\/wp-content\/uploads\/2024\/02\/bolcsi2.jpg\"><img loading=\"lazy\" decoding=\"async\" class=\"size-medium wp-image-4493 aligncenter\" src=\"https:\/\/rem.hu\/wp-content\/uploads\/2024\/02\/bolcsi2-300x236.jpg\" alt=\"\" width=\"300\" height=\"236\" srcset=\"https:\/\/rem.hu\/wp-content\/uploads\/2024\/02\/bolcsi2-300x236.jpg 300w, https:\/\/rem.hu\/wp-content\/uploads\/2024\/02\/bolcsi2-768x604.jpg 768w, https:\/\/rem.hu\/wp-content\/uploads\/2024\/02\/bolcsi2.jpg 800w\" sizes=\"(max-width: 300px) 100vw, 300px\" \/><\/a><\/p>\n<div class=\"wp-block-image\"><a href=\"https:\/\/rem.hu\/wp-content\/uploads\/2024\/02\/bolcsi.jpg\"><img loading=\"lazy\" decoding=\"async\" class=\"size-medium wp-image-4492 aligncenter\" src=\"https:\/\/rem.hu\/wp-content\/uploads\/2024\/02\/bolcsi-300x200.jpg\" alt=\"\" width=\"300\" height=\"200\" srcset=\"https:\/\/rem.hu\/wp-content\/uploads\/2024\/02\/bolcsi-300x200.jpg 300w, https:\/\/rem.hu\/wp-content\/uploads\/2024\/02\/bolcsi-768x513.jpg 768w, https:\/\/rem.hu\/wp-content\/uploads\/2024\/02\/bolcsi.jpg 900w\" sizes=\"(max-width: 300px) 100vw, 300px\" \/><\/a><\/div>\n<\/div>\n<p>&nbsp;<\/p>\n<p>&nbsp;<\/p>\n<p>&nbsp;<\/p>\n<p>&nbsp;<\/p>\n<p>&nbsp;<\/p>\n<p>&nbsp;<\/p>\n<p>&nbsp;<\/p>\n<p>&nbsp;<\/p>\n<p>&nbsp;<\/p>\n<p>&nbsp;<\/p>\n<p>&nbsp;<\/p>\n<p>&nbsp;<\/p>\n<p>&nbsp;<\/p>\n<p>&nbsp;<\/p>\n<p>&nbsp;<\/p>\n<p>&nbsp;<\/p>\n<p>&nbsp;<\/p>\n<p>&nbsp;<\/p>\n<p>&nbsp;<\/p>\n","protected":false},"excerpt":{"rendered":"<p>Mini b\u00f6lcs\u0151de l\u00e9trehoz\u00e1sa R\u00e9men Projektazonos\u00edt\u00f3: TOP_PLUSZ-3.3.1-21-BK1-2022-00026 Kedvezm\u00e9nyezett: R\u00e9m K\u00f6zs\u00e9g \u00d6nkorm\u00e1nyzata Telep\u00fcl\u00e9s: R\u00e9m Forr\u00e1s: ERFA Program: TOP plusz T\u00e1mogat\u00e1si ar\u00e1ny: 100% T\u00e1mogat\u00e1si \u00f6sszeg: 71 000 000 Ft Megval\u00f3s\u00edt\u00e1s kezdete \u00e9s v\u00e9ge: 2023. 02. 15. &#8211; 2023. 12. 31. St\u00e1tusz: Folyamatban R\u00e9m K\u00f6zs\u00e9g \u00d6nkorm\u00e1nyzata p\u00e1ly\u00e1zatot ny\u00fajtott be a Ter\u00fclet- \u00e9s Telep\u00fcl\u00e9sfejleszt\u00e9si Operat\u00edv Program Plusz, TOP_PLUSZ-3.3.1-21 Gyermeknevel\u00e9st t\u00e1mogat\u00f3&hellip;&nbsp;<a href=\"https:\/\/rem.hu\/?page_id=3899\" class=\"\" rel=\"bookmark\">Read More &raquo;<span class=\"screen-reader-text\">TOP+ p\u00e1ly\u00e1zat Minib\u00f6lcs\u0151de l\u00e9trehoz\u00e1sa R\u00e9men<\/span><\/a><\/p>\n","protected":false},"author":1,"featured_media":0,"parent":4419,"menu_order":1,"comment_status":"closed","ping_status":"closed","template":"","meta":{"neve_meta_sidebar":"full-width","neve_meta_container":"","neve_meta_enable_content_width":"on","neve_meta_content_width":100,"neve_meta_title_alignment":"","neve_meta_author_avatar":"","neve_post_elements_order":"","neve_meta_disable_header":"","neve_meta_disable_footer":"","neve_meta_disable_title":"","footnotes":""},"_links":{"self":[{"href":"https:\/\/rem.hu\/index.php?rest_route=\/wp\/v2\/pages\/3899"}],"collection":[{"href":"https:\/\/rem.hu\/index.php?rest_route=\/wp\/v2\/pages"}],"about":[{"href":"https:\/\/rem.hu\/index.php?rest_route=\/wp\/v2\/types\/page"}],"author":[{"embeddable":true,"href":"https:\/\/rem.hu\/index.php?rest_route=\/wp\/v2\/users\/1"}],"replies":[{"embeddable":true,"href":"https:\/\/rem.hu\/index.php?rest_route=%2Fwp%2Fv2%2Fcomments&post=3899"}],"version-history":[{"count":18,"href":"https:\/\/rem.hu\/index.php?rest_route=\/wp\/v2\/pages\/3899\/revisions"}],"predecessor-version":[{"id":4929,"href":"https:\/\/rem.hu\/index.php?rest_route=\/wp\/v2\/pages\/3899\/revisions\/4929"}],"up":[{"embeddable":true,"href":"https:\/\/rem.hu\/index.php?rest_route=\/wp\/v2\/pages\/4419"}],"wp:attachment":[{"href":"https:\/\/rem.hu\/index.php?rest_route=%2Fwp%2Fv2%2Fmedia&parent=3899"}],"curies":[{"name":"wp","href":"https:\/\/api.w.org\/{rel}","templated":true}]}}