{"id":2007,"date":"2017-09-26T09:40:15","date_gmt":"2017-09-26T09:40:15","guid":{"rendered":"http:\/\/remhu.web-server.hu\/?page_id=2007"},"modified":"2022-10-20T11:36:00","modified_gmt":"2022-10-20T11:36:00","slug":"top-program-egeszsegugy","status":"publish","type":"page","link":"https:\/\/rem.hu\/?page_id=2007","title":{"rendered":"TOP program eg\u00e9szs\u00e9g\u00fcgy"},"content":{"rendered":"<h5 style=\"text-align: center;\">Ter\u00fclet \u00e9s Telep\u00fcl\u00e9sfejleszt\u00e9si Operat\u00edv Program<br \/>\nTOP-4.1.1-15-BK1-2016-00006 azonos\u00edt\u00f3sz\u00e1m\u00fa<\/h5>\n<h4 style=\"text-align: center;\">&#8220;Eg\u00e9szs\u00e9g\u00fcgyi alapell\u00e1t\u00e1s fejleszt\u00e9se&#8221;<\/h4>\n<h5 style=\"text-align: center;\">p\u00e1ly\u00e1zat t\u00e1mogat\u00e1si \u00f6sszege: 10.000.000 Ft.<br \/>\nA t\u00e1mogat\u00e1s m\u00e9rt\u00e9ke: a projekt elsz\u00e1molhat\u00f3 \u00f6sszk\u00f6lts\u00e9g\u00e9nek<br \/>\n100 %-a, de legfeljebb 10.000.000 Ft.<br \/>\nProjekt fizikai befejez\u00e9s\u00e9nek tervezett napja:<br \/>\n2018. \u00e9v m\u00e1jus h\u00f3 1. nap<\/h5>\n<p><a href=\"https:\/\/rem.hu\/wp-content\/uploads\/2017\/09\/IMG_20171212_134508.jpg\"><img loading=\"lazy\" decoding=\"async\" class=\"alignnone wp-image-2202\" src=\"https:\/\/rem.hu\/wp-content\/uploads\/2017\/09\/IMG_20171212_134508-300x225.jpg\" alt=\"\" width=\"235\" height=\"177\" srcset=\"https:\/\/rem.hu\/wp-content\/uploads\/2017\/09\/IMG_20171212_134508-300x225.jpg 300w, https:\/\/rem.hu\/wp-content\/uploads\/2017\/09\/IMG_20171212_134508-768x576.jpg 768w, https:\/\/rem.hu\/wp-content\/uploads\/2017\/09\/IMG_20171212_134508-1024x768.jpg 1024w\" sizes=\"(max-width: 235px) 100vw, 235px\" \/> <\/a><a href=\"https:\/\/rem.hu\/wp-content\/uploads\/2017\/09\/IMG_20180111_154640.jpg\"><img loading=\"lazy\" decoding=\"async\" class=\"alignnone wp-image-2203\" src=\"https:\/\/rem.hu\/wp-content\/uploads\/2017\/09\/IMG_20180111_154640-300x225.jpg\" alt=\"\" width=\"239\" height=\"179\" srcset=\"https:\/\/rem.hu\/wp-content\/uploads\/2017\/09\/IMG_20180111_154640-300x225.jpg 300w, https:\/\/rem.hu\/wp-content\/uploads\/2017\/09\/IMG_20180111_154640-768x576.jpg 768w, https:\/\/rem.hu\/wp-content\/uploads\/2017\/09\/IMG_20180111_154640-1024x768.jpg 1024w\" sizes=\"(max-width: 239px) 100vw, 239px\" \/> <\/a><a href=\"https:\/\/rem.hu\/wp-content\/uploads\/2017\/09\/IMG_20180115_102937.jpg\"><img loading=\"lazy\" decoding=\"async\" class=\"alignnone wp-image-2204\" src=\"https:\/\/rem.hu\/wp-content\/uploads\/2017\/09\/IMG_20180115_102937-225x300.jpg\" alt=\"\" width=\"172\" height=\"230\" srcset=\"https:\/\/rem.hu\/wp-content\/uploads\/2017\/09\/IMG_20180115_102937-225x300.jpg 225w, https:\/\/rem.hu\/wp-content\/uploads\/2017\/09\/IMG_20180115_102937-768x1024.jpg 768w\" sizes=\"(max-width: 172px) 100vw, 172px\" \/><\/a><a href=\"https:\/\/rem.hu\/wp-content\/uploads\/2017\/09\/IMG_20180115_103002.jpg\"><img loading=\"lazy\" decoding=\"async\" class=\"alignnone wp-image-2205\" src=\"https:\/\/rem.hu\/wp-content\/uploads\/2017\/09\/IMG_20180115_103002-300x225.jpg\" alt=\"\" width=\"249\" height=\"187\" srcset=\"https:\/\/rem.hu\/wp-content\/uploads\/2017\/09\/IMG_20180115_103002-300x225.jpg 300w, https:\/\/rem.hu\/wp-content\/uploads\/2017\/09\/IMG_20180115_103002-768x576.jpg 768w, https:\/\/rem.hu\/wp-content\/uploads\/2017\/09\/IMG_20180115_103002-1024x768.jpg 1024w\" sizes=\"(max-width: 249px) 100vw, 249px\" \/> <\/a><a href=\"https:\/\/rem.hu\/wp-content\/uploads\/2017\/09\/DSC_0963.jpg\"><img loading=\"lazy\" decoding=\"async\" class=\"alignnone wp-image-2212\" src=\"https:\/\/rem.hu\/wp-content\/uploads\/2017\/09\/DSC_0963-169x300.jpg\" alt=\"\" width=\"172\" height=\"305\" srcset=\"https:\/\/rem.hu\/wp-content\/uploads\/2017\/09\/DSC_0963-169x300.jpg 169w, https:\/\/rem.hu\/wp-content\/uploads\/2017\/09\/DSC_0963-768x1365.jpg 768w, https:\/\/rem.hu\/wp-content\/uploads\/2017\/09\/DSC_0963-576x1024.jpg 576w\" sizes=\"(max-width: 172px) 100vw, 172px\" \/> <\/a><\/p>\n<p><a href=\"https:\/\/rem.hu\/wp-content\/uploads\/2017\/09\/DSC_0968.jpg\"><img loading=\"lazy\" decoding=\"async\" class=\"alignnone wp-image-2213\" src=\"https:\/\/rem.hu\/wp-content\/uploads\/2017\/09\/DSC_0968-169x300.jpg\" alt=\"\" width=\"171\" height=\"303\" srcset=\"https:\/\/rem.hu\/wp-content\/uploads\/2017\/09\/DSC_0968-169x300.jpg 169w, https:\/\/rem.hu\/wp-content\/uploads\/2017\/09\/DSC_0968-768x1365.jpg 768w, https:\/\/rem.hu\/wp-content\/uploads\/2017\/09\/DSC_0968-576x1024.jpg 576w\" sizes=\"(max-width: 171px) 100vw, 171px\" \/> <\/a><a href=\"https:\/\/rem.hu\/wp-content\/uploads\/2017\/09\/DSC_0966.jpg\"><img loading=\"lazy\" decoding=\"async\" class=\"alignnone wp-image-2214\" src=\"https:\/\/rem.hu\/wp-content\/uploads\/2017\/09\/DSC_0966-169x300.jpg\" alt=\"\" width=\"169\" height=\"300\" srcset=\"https:\/\/rem.hu\/wp-content\/uploads\/2017\/09\/DSC_0966-169x300.jpg 169w, https:\/\/rem.hu\/wp-content\/uploads\/2017\/09\/DSC_0966-768x1365.jpg 768w, https:\/\/rem.hu\/wp-content\/uploads\/2017\/09\/DSC_0966-576x1024.jpg 576w\" sizes=\"(max-width: 169px) 100vw, 169px\" \/> <\/a><a href=\"https:\/\/rem.hu\/wp-content\/uploads\/2017\/09\/DSC_0965.jpg\"><img loading=\"lazy\" decoding=\"async\" class=\"alignnone wp-image-2215\" src=\"https:\/\/rem.hu\/wp-content\/uploads\/2017\/09\/DSC_0965-169x300.jpg\" alt=\"\" width=\"171\" height=\"304\" srcset=\"https:\/\/rem.hu\/wp-content\/uploads\/2017\/09\/DSC_0965-169x300.jpg 169w, https:\/\/rem.hu\/wp-content\/uploads\/2017\/09\/DSC_0965-768x1365.jpg 768w, https:\/\/rem.hu\/wp-content\/uploads\/2017\/09\/DSC_0965-576x1024.jpg 576w\" sizes=\"(max-width: 171px) 100vw, 171px\" \/><\/a><\/p>\n<p><a href=\"https:\/\/rem.hu\/wp-content\/uploads\/2017\/09\/IMG_20180123_085119.jpg\"><img loading=\"lazy\" decoding=\"async\" class=\"alignnone wp-image-2206\" src=\"https:\/\/rem.hu\/wp-content\/uploads\/2017\/09\/IMG_20180123_085119-300x225.jpg\" alt=\"\" width=\"243\" height=\"182\" srcset=\"https:\/\/rem.hu\/wp-content\/uploads\/2017\/09\/IMG_20180123_085119-300x225.jpg 300w, https:\/\/rem.hu\/wp-content\/uploads\/2017\/09\/IMG_20180123_085119-768x576.jpg 768w, https:\/\/rem.hu\/wp-content\/uploads\/2017\/09\/IMG_20180123_085119-1024x768.jpg 1024w\" sizes=\"(max-width: 243px) 100vw, 243px\" \/> <\/a><a href=\"https:\/\/rem.hu\/wp-content\/uploads\/2017\/09\/IMG_20180129_090154.jpg\"><img loading=\"lazy\" decoding=\"async\" class=\"alignnone wp-image-2207\" src=\"https:\/\/rem.hu\/wp-content\/uploads\/2017\/09\/IMG_20180129_090154-300x225.jpg\" alt=\"\" width=\"267\" height=\"200\" srcset=\"https:\/\/rem.hu\/wp-content\/uploads\/2017\/09\/IMG_20180129_090154-300x225.jpg 300w, https:\/\/rem.hu\/wp-content\/uploads\/2017\/09\/IMG_20180129_090154-768x576.jpg 768w, https:\/\/rem.hu\/wp-content\/uploads\/2017\/09\/IMG_20180129_090154-1024x768.jpg 1024w\" sizes=\"(max-width: 267px) 100vw, 267px\" \/><\/a><\/p>\n<h5>R\u00e9gi fog\u00e1szati egys\u00e9g<\/h5>\n<p><a href=\"https:\/\/rem.hu\/wp-content\/uploads\/2017\/09\/IMG_20171114_090130.jpg\"><img loading=\"lazy\" decoding=\"async\" class=\"alignnone size-medium wp-image-2219\" src=\"https:\/\/rem.hu\/wp-content\/uploads\/2017\/09\/IMG_20171114_090130-300x225.jpg\" alt=\"\" width=\"300\" height=\"225\" srcset=\"https:\/\/rem.hu\/wp-content\/uploads\/2017\/09\/IMG_20171114_090130-300x225.jpg 300w, https:\/\/rem.hu\/wp-content\/uploads\/2017\/09\/IMG_20171114_090130-768x576.jpg 768w, https:\/\/rem.hu\/wp-content\/uploads\/2017\/09\/IMG_20171114_090130-1024x768.jpg 1024w\" sizes=\"(max-width: 300px) 100vw, 300px\" \/><\/a><\/p>\n<h5>\u00daj fog\u00e1szati egys\u00e9g<\/h5>\n<p><a href=\"https:\/\/rem.hu\/wp-content\/uploads\/2017\/09\/DSC_0941.jpg\"><img loading=\"lazy\" decoding=\"async\" class=\"alignnone size-medium wp-image-2216\" src=\"https:\/\/rem.hu\/wp-content\/uploads\/2017\/09\/DSC_0941-169x300.jpg\" alt=\"\" width=\"169\" height=\"300\" srcset=\"https:\/\/rem.hu\/wp-content\/uploads\/2017\/09\/DSC_0941-169x300.jpg 169w, https:\/\/rem.hu\/wp-content\/uploads\/2017\/09\/DSC_0941-768x1365.jpg 768w, https:\/\/rem.hu\/wp-content\/uploads\/2017\/09\/DSC_0941-576x1024.jpg 576w\" sizes=\"(max-width: 169px) 100vw, 169px\" \/> <\/a><a href=\"https:\/\/rem.hu\/wp-content\/uploads\/2017\/09\/DSC_0942.jpg\"><img loading=\"lazy\" decoding=\"async\" class=\"alignnone size-medium wp-image-2217\" src=\"https:\/\/rem.hu\/wp-content\/uploads\/2017\/09\/DSC_0942-169x300.jpg\" alt=\"\" width=\"169\" height=\"300\" srcset=\"https:\/\/rem.hu\/wp-content\/uploads\/2017\/09\/DSC_0942-169x300.jpg 169w, https:\/\/rem.hu\/wp-content\/uploads\/2017\/09\/DSC_0942-768x1365.jpg 768w, https:\/\/rem.hu\/wp-content\/uploads\/2017\/09\/DSC_0942-576x1024.jpg 576w\" sizes=\"(max-width: 169px) 100vw, 169px\" \/><\/a><\/p>\n<h4 style=\"text-align: center;\"><strong>Projekt \u00e1tad\u00f3 \u00fcnneps\u00e9g<\/strong><\/h4>\n<p style=\"text-align: center;\">2018. m\u00e1rcius 5.<\/p>\n<p>&nbsp;<\/p>\n<p><a href=\"https:\/\/rem.hu\/wp-content\/uploads\/2017\/09\/\u00e1tad\u00f3.jpg\"><img loading=\"lazy\" decoding=\"async\" class=\"size-medium wp-image-2275 aligncenter\" src=\"https:\/\/rem.hu\/wp-content\/uploads\/2017\/09\/\u00e1tad\u00f3-300x225.jpg\" alt=\"\" width=\"300\" height=\"225\" srcset=\"https:\/\/rem.hu\/wp-content\/uploads\/2017\/09\/\u00e1tad\u00f3-300x225.jpg 300w, https:\/\/rem.hu\/wp-content\/uploads\/2017\/09\/\u00e1tad\u00f3-768x576.jpg 768w, https:\/\/rem.hu\/wp-content\/uploads\/2017\/09\/\u00e1tad\u00f3-1024x768.jpg 1024w\" sizes=\"(max-width: 300px) 100vw, 300px\" \/><\/a><\/p>\n<p><strong>B\u00e1cs- Kiskun Megyei \u00d6nkorm\u00e1nyzat:<\/strong><\/p>\n<p>&#8220;A mai napon \u00e1tadt\u00e1k a fel\u00faj\u00edtott eg\u00e9szs\u00e9gh\u00e1zat R\u00e9men.<br \/>\nA telep\u00fcl\u00e9s k\u00f6zpontj\u00e1ban l\u00e9v\u0151 \u00e9p\u00fcletben kap helyet a fogorvosi \u00e9s v\u00e9d\u0151n\u0151i szolg\u00e1lat, melyet az ut\u00f3bbi h\u00f3napokban kem\u00e9ny \u00e9s odaad\u00f3 munk\u00e1val var\u00e1zsoltak \u00fajj\u00e1.<br \/>\nA renov\u00e1l\u00e1s keret\u00e9n bel\u00fcl elk\u00e9sz\u00fclt az akad\u00e1lymentes\u00edt\u00e9s, ki\u00e9p\u00fclt a mozg\u00e1skorl\u00e1tozott WC, kicser\u00e9lt\u00e9k a burkolatot \u00e9s a ny\u00edl\u00e1sz\u00e1r\u00f3kat, valamint az \u00e9p\u00fcletet \u00fajrafestett\u00e9k \u00e9s az ell\u00e1t\u00e1shoz sz\u00fcks\u00e9ges eszk\u00f6z\u00f6ket is beszerezt\u00e9k.<\/p>\n<p>Rideg L\u00e1szl\u00f3, a B\u00e1cs-Kiskun Megyei \u00d6nkorm\u00e1nyzat eln\u00f6ke elmondta mennyire fontos a kis telep\u00fcl\u00e9sek sz\u00e1m\u00e1ra is a fejl\u0151d\u00e9s, a meg\u00fajul\u00e1s \u00e9s az ehhez sz\u00fcks\u00e9ges motiv\u00e1ci\u00f3, mely R\u00e9m K\u00f6zs\u00e9g lakoss\u00e1g\u00e1ra jellemz\u0151.<\/p>\n<p>Az \u00e1tad\u00e1s sor\u00e1n Zsig\u00f3 R\u00f3bert, orsz\u00e1ggy\u0171l\u00e9si k\u00e9pvisel\u0151 t\u00f6bbek k\u00f6z\u00f6tt kit\u00e9rt arra, hogy a kisebb telep\u00fcl\u00e9seken v\u00e9grehajtott fejleszt\u00e9seknek is hatalmas jelent\u0151s\u00e9ge van, nem csak az adott ter\u00fclet szintj\u00e9n, hanem orsz\u00e1gos tekintetben is.<\/p>\n<p>Papp Imr\u00e9n\u00e9, R\u00e9m K\u00f6zs\u00e9g polg\u00e1rmestere besz\u00e9d\u00e9ben kiemelte, hogy a beruh\u00e1z\u00e1s keret\u00e9ben igyekeztek olyan ell\u00e1t\u00e1si sz\u00ednvonalat kialak\u00edtani, mely az ott \u00e9l\u0151knek min\u0151s\u00e9gi szolg\u00e1ltat\u00e1st tud ny\u00fajtani, tov\u00e1bb\u00e1 megk\u00f6sz\u00f6nte a rengeteg seg\u00edts\u00e9get \u00e9s t\u00e1mogat\u00e1st, melyet a projekt megval\u00f3s\u00edt\u00e1s\u00e1nak folyamat\u00e1ban kapott.<\/p>\n<p>A helyi lakosok megel\u00e9ged\u00e9s\u00e9t mi sem bizony\u00edtja jobban, mint, hogy sz\u00e1mtalan mosolyg\u00f3, izgatott arc v\u00e1rta az eg\u00e9szs\u00e9gh\u00e1z ny\u00edl\u00f3 ajtaj\u00e1t, hogy bepillant\u00e1st nyerhessenek az \u00faj fogorvosi \u00e9s v\u00e9d\u0151n\u0151i szolg\u00e1lat helys\u00e9geibe. A p\u00e1ly\u00e1zatot, melynek c\u00e9lja korszer\u0171 \u00e9p\u00fclet kialak\u00edt\u00e1sa volt, t\u00edz milli\u00f3 forintb\u00f3l val\u00f3s\u00edtott\u00e1k meg, \u00e9s a megyei \u00f6nkorm\u00e1nyzat \u00e1ltal koordin\u00e1lt \u00fagynevezett TOP (Ter\u00fclet- \u00e9s Telep\u00fcl\u00e9sfejleszt\u00e9si Operat\u00edv Program) forr\u00e1sb\u00f3l val\u00f3sult meg.&#8221;<br \/>\n&nbsp;<\/p>\n<p>&nbsp;<\/p>\n<p style=\"text-align: center;\"><a href=\"http:\/\/rem.hu\/?page_id=4156\">Vissza a(z) Top Program p\u00e1ly\u00e1zathoz<\/a><\/p>\n<p>&nbsp;<\/p>\n","protected":false},"excerpt":{"rendered":"<p>Ter\u00fclet \u00e9s Telep\u00fcl\u00e9sfejleszt\u00e9si Operat\u00edv Program TOP-4.1.1-15-BK1-2016-00006 azonos\u00edt\u00f3sz\u00e1m\u00fa &#8220;Eg\u00e9szs\u00e9g\u00fcgyi alapell\u00e1t\u00e1s fejleszt\u00e9se&#8221; p\u00e1ly\u00e1zat t\u00e1mogat\u00e1si \u00f6sszege: 10.000.000 Ft. A t\u00e1mogat\u00e1s m\u00e9rt\u00e9ke: a projekt elsz\u00e1molhat\u00f3 \u00f6sszk\u00f6lts\u00e9g\u00e9nek 100 %-a, de legfeljebb 10.000.000 Ft. Projekt fizikai befejez\u00e9s\u00e9nek tervezett napja: 2018. \u00e9v m\u00e1jus h\u00f3 1. nap R\u00e9gi fog\u00e1szati egys\u00e9g \u00daj fog\u00e1szati egys\u00e9g Projekt \u00e1tad\u00f3 \u00fcnneps\u00e9g 2018. m\u00e1rcius 5. &nbsp; B\u00e1cs- Kiskun Megyei&hellip;&nbsp;<a href=\"https:\/\/rem.hu\/?page_id=2007\" class=\"\" rel=\"bookmark\">Read More &raquo;<span class=\"screen-reader-text\">TOP program eg\u00e9szs\u00e9g\u00fcgy<\/span><\/a><\/p>\n","protected":false},"author":1,"featured_media":2013,"parent":4156,"menu_order":3,"comment_status":"closed","ping_status":"closed","template":"","meta":{"neve_meta_sidebar":"","neve_meta_container":"","neve_meta_enable_content_width":"off","neve_meta_content_width":0,"neve_meta_title_alignment":"","neve_meta_author_avatar":"","neve_post_elements_order":"","neve_meta_disable_header":"","neve_meta_disable_footer":"","neve_meta_disable_title":"","footnotes":""},"_links":{"self":[{"href":"https:\/\/rem.hu\/index.php?rest_route=\/wp\/v2\/pages\/2007"}],"collection":[{"href":"https:\/\/rem.hu\/index.php?rest_route=\/wp\/v2\/pages"}],"about":[{"href":"https:\/\/rem.hu\/index.php?rest_route=\/wp\/v2\/types\/page"}],"author":[{"embeddable":true,"href":"https:\/\/rem.hu\/index.php?rest_route=\/wp\/v2\/users\/1"}],"replies":[{"embeddable":true,"href":"https:\/\/rem.hu\/index.php?rest_route=%2Fwp%2Fv2%2Fcomments&post=2007"}],"version-history":[{"count":17,"href":"https:\/\/rem.hu\/index.php?rest_route=\/wp\/v2\/pages\/2007\/revisions"}],"predecessor-version":[{"id":4166,"href":"https:\/\/rem.hu\/index.php?rest_route=\/wp\/v2\/pages\/2007\/revisions\/4166"}],"up":[{"embeddable":true,"href":"https:\/\/rem.hu\/index.php?rest_route=\/wp\/v2\/pages\/4156"}],"wp:featuredmedia":[{"embeddable":true,"href":"https:\/\/rem.hu\/index.php?rest_route=\/wp\/v2\/media\/2013"}],"wp:attachment":[{"href":"https:\/\/rem.hu\/index.php?rest_route=%2Fwp%2Fv2%2Fmedia&parent=2007"}],"curies":[{"name":"wp","href":"https:\/\/api.w.org\/{rel}","templated":true}]}}