{"id":139,"date":"2013-09-13T14:52:11","date_gmt":"2013-09-13T14:52:11","guid":{"rendered":"http:\/\/remhu.web-server.hu\/?page_id=139"},"modified":"2022-10-20T12:44:24","modified_gmt":"2022-10-20T12:44:24","slug":"emagyarorszag-pont","status":"publish","type":"page","link":"https:\/\/rem.hu\/?page_id=139","title":{"rendered":"K\u00f6nyvt\u00e1r, Inform\u00e1ci\u00f3s \u00e9s K\u00f6z\u00f6ss\u00e9gi Hely"},"content":{"rendered":"<p><!-- [if !mso]>\n\n\n\n<style>\nv\\:* {behavior:url(#default#VML);}<br \/>o\\:* {behavior:url(#default#VML);}<br \/>w\\:* {behavior:url(#default#VML);}<br \/>.shape {behavior:url(#default#VML);}<br \/><\/style>\n\n<![endif]--><\/p>\n<p><!-- [if gte mso 9]><xml>\n<w:WordDocument>\n<w:View>Normal<\/w:View>\n<w:Zoom>0<\/w:Zoom>\n<w:HyphenationZone>21<\/w:HyphenationZone>\n<w:PunctuationKerning\/>\n<w:ValidateAgainstSchemas\/>\n<w:SaveIfXMLInvalid>false<\/w:SaveIfXMLInvalid>\n<w:IgnoreMixedContent>false<\/w:IgnoreMixedContent>\n<w:AlwaysShowPlaceholderText>false<\/w:AlwaysShowPlaceholderText>\n<w:Compatibility>\n<w:BreakWrappedTables\/>\n<w:SnapToGridInCell\/>\n<w:WrapTextWithPunct\/>\n<w:UseAsianBreakRules\/>\n<w:DontGrowAutofit\/>\n<\/w:Compatibility>\n<w:BrowserLevel>MicrosoftInternetExplorer4<\/w:BrowserLevel>\n<\/w:WordDocument>\n<\/xml><![endif]--><!-- [if gte mso 9]><xml>\n<w:LatentStyles DefLockedState=\"false\" LatentStyleCount=\"156\">\n<\/w:LatentStyles>\n<\/xml><![endif]--><!-- [if gte mso 10]>\n\n\n\n<style>\n \/* Style Definitions *\/<br \/> table.MsoNormalTable<br \/>\t{mso-style-name:\"Norm\u00e1l t\u00e1bl\u00e1zat\";<br \/>\tmso-tstyle-rowband-size:0;<br \/>\tmso-tstyle-colband-size:0;<br \/>\tmso-style-noshow:yes;<br \/>\tmso-style-parent:\"\";<br \/>\tmso-padding-alt:0cm 5.4pt 0cm 5.4pt;<br \/>\tmso-para-margin:0cm;<br \/>\tmso-para-margin-bottom:.0001pt;<br \/>\tmso-pagination:widow-orphan;<br \/>\tfont-size:10.0pt;<br \/>\tfont-family:\"Times New Roman\";<br \/>\tmso-ansi-language:#0400;<br \/>\tmso-fareast-language:#0400;<br \/>\tmso-bidi-language:#0400;}<br \/><\/style>\n\n<![endif]--><\/p>\n<h3 style=\"text-align: center;\"><span style=\"color: #800080;\"><strong>K\u00d6NYVT\u00c1R, INFORM\u00c1CI\u00d3S \u00c9S K\u00d6Z\u00d6SS\u00c9GI HELY<\/strong><\/span><\/h3>\n<p>&nbsp;<\/p>\n<h2 style=\"text-align: center;\"><span style=\"color: #339966;\">T\u00e1j\u00e9koztat\u00e1s!<\/span><\/h2>\n<p style=\"text-align: center;\"><strong><br \/>\nKult\u00far\u00e1lis foglalkoztatott: M\u00e9sz\u00e1rosn\u00e9 Ilcsik \u00c1gnes\u00a0<\/strong><\/p>\n<p style=\"text-align: center;\"><strong> El\u00e9rhet\u0151s\u00e9ge:<\/strong><\/p>\n<p style=\"text-align: center;\"><strong> 06-30\/3497271<\/strong><\/p>\n<p style=\"text-align: center;\"><strong>R\u00e9m, Pet\u0151fi S\u00e1ndor utca 33.<\/strong><\/p>\n<p style=\"text-align: center;\"><strong>E-mail: kulturrem@freemail.hu<\/strong><\/p>\n<p style=\"text-align: center;\">A K\u00f6nyvt\u00e1r, Inform\u00e1ci\u00f3s \u00e9s K\u00f6z\u00f6ss\u00e9gi Hely a B\u00e1cs-Kiskun Megyei\u00a0 Katona J\u00f3zsef K\u00f6nyvt\u00e1r szolg\u00e1ltat\u00f3helyek\u00e9nt az iskol\u00e1nak \u00e9s a lakoss\u00e1gnak egy\u00fcttesen ny\u00fajt nyilv\u00e1nos k\u00f6nyvt\u00e1ri szolg\u00e1ltat\u00e1st.<\/p>\n<p style=\"text-align: center;\">A k\u00f6nyvt\u00e1r b\u0151v\u00edt\u00e9se, \u00faj berendez\u00e9se 2014-ben az Eur\u00f3pai Mez\u0151gazdas\u00e1gi Vid\u00e9kfejleszt\u00e9si Alapb\u00f3l ny\u00fajtott vid\u00e9kfejleszt\u00e9si t\u00e1mogat\u00e1sb\u00f3l val\u00f3sult meg.<\/p>\n<p>&nbsp;<\/p>\n<h2 dir=\"auto\" style=\"text-align: center;\"><span style=\"color: #ff0000;\">K\u00f6nyvt\u00e1rban el\u00e9rhet\u0151 szolg\u00e1ltat\u00e1sok:<\/span><\/h2>\n<p style=\"text-align: center;\"><strong>Csal\u00e1dseg\u00edt\u0151: Kov\u00e1cs Bernadett \u00fcgyf\u00e9lfogad\u00e1sa minden cs\u00fct\u00f6rt\u00f6k\u00f6n v\u00e1ltozatlan id\u0151pontban.<\/strong><\/p>\n<p style=\"text-align: center;\"><strong>Falugazd\u00e1szi fogad\u00f3 \u00f3ra<\/strong><\/p>\n<p>&nbsp;<\/p>\n<p style=\"text-align: center;\"><strong>e-Magyarorsz\u00e1g Pont R\u00e9m<\/strong><\/p>\n<p style=\"text-align: center;\"><a href=\"http:\/\/remhu.web-server.hu\/wp-content\/uploads\/2013\/09\/logo.jpg\"><img loading=\"lazy\" decoding=\"async\" class=\"alignnone size-full wp-image-429\" src=\"http:\/\/remhu.web-server.hu\/wp-content\/uploads\/2013\/09\/logo.jpg\" alt=\"logo\" width=\"218\" height=\"74\" \/><\/a><\/p>\n<p style=\"text-align: left;\">T\u00e9li nyitva tart\u00e1s:<br \/>\nCs\u00fct\u00f6rt\u00f6k: 8-16 \u00f3r\u00e1ig<br \/>\nP\u00e9ntek: 8-16 \u00f3r\u00e1ig<\/p>\n<p style=\"text-align: left;\">H\u00e9tf\u0151t\u0151l szerd\u00e1ig csak a telefonos \u00fcgyint\u00e9z\u00e9s el\u00e9rhet\u0151!<\/p>\n","protected":false},"excerpt":{"rendered":"<p>K\u00d6NYVT\u00c1R, INFORM\u00c1CI\u00d3S \u00c9S K\u00d6Z\u00d6SS\u00c9GI HELY &nbsp; T\u00e1j\u00e9koztat\u00e1s! Kult\u00far\u00e1lis foglalkoztatott: M\u00e9sz\u00e1rosn\u00e9 Ilcsik \u00c1gnes\u00a0 El\u00e9rhet\u0151s\u00e9ge: 06-30\/3497271 R\u00e9m, Pet\u0151fi S\u00e1ndor utca 33. E-mail: kulturrem@freemail.hu A K\u00f6nyvt\u00e1r, Inform\u00e1ci\u00f3s \u00e9s K\u00f6z\u00f6ss\u00e9gi Hely a B\u00e1cs-Kiskun Megyei\u00a0 Katona J\u00f3zsef K\u00f6nyvt\u00e1r szolg\u00e1ltat\u00f3helyek\u00e9nt az iskol\u00e1nak \u00e9s a lakoss\u00e1gnak egy\u00fcttesen ny\u00fajt nyilv\u00e1nos k\u00f6nyvt\u00e1ri szolg\u00e1ltat\u00e1st. A k\u00f6nyvt\u00e1r b\u0151v\u00edt\u00e9se, \u00faj berendez\u00e9se 2014-ben az Eur\u00f3pai Mez\u0151gazdas\u00e1gi Vid\u00e9kfejleszt\u00e9si Alapb\u00f3l&hellip;&nbsp;<a href=\"https:\/\/rem.hu\/?page_id=139\" class=\"\" rel=\"bookmark\">Read More &raquo;<span class=\"screen-reader-text\">K\u00f6nyvt\u00e1r, Inform\u00e1ci\u00f3s \u00e9s K\u00f6z\u00f6ss\u00e9gi Hely<\/span><\/a><\/p>\n","protected":false},"author":1,"featured_media":0,"parent":0,"menu_order":6,"comment_status":"open","ping_status":"open","template":"","meta":{"neve_meta_sidebar":"","neve_meta_container":"","neve_meta_enable_content_width":"off","neve_meta_content_width":0,"neve_meta_title_alignment":"","neve_meta_author_avatar":"","neve_post_elements_order":"","neve_meta_disable_header":"","neve_meta_disable_footer":"","neve_meta_disable_title":"","footnotes":""},"_links":{"self":[{"href":"https:\/\/rem.hu\/index.php?rest_route=\/wp\/v2\/pages\/139"}],"collection":[{"href":"https:\/\/rem.hu\/index.php?rest_route=\/wp\/v2\/pages"}],"about":[{"href":"https:\/\/rem.hu\/index.php?rest_route=\/wp\/v2\/types\/page"}],"author":[{"embeddable":true,"href":"https:\/\/rem.hu\/index.php?rest_route=\/wp\/v2\/users\/1"}],"replies":[{"embeddable":true,"href":"https:\/\/rem.hu\/index.php?rest_route=%2Fwp%2Fv2%2Fcomments&post=139"}],"version-history":[{"count":20,"href":"https:\/\/rem.hu\/index.php?rest_route=\/wp\/v2\/pages\/139\/revisions"}],"predecessor-version":[{"id":4192,"href":"https:\/\/rem.hu\/index.php?rest_route=\/wp\/v2\/pages\/139\/revisions\/4192"}],"wp:attachment":[{"href":"https:\/\/rem.hu\/index.php?rest_route=%2Fwp%2Fv2%2Fmedia&parent=139"}],"curies":[{"name":"wp","href":"https:\/\/api.w.org\/{rel}","templated":true}]}}